{"id":1113,"date":"2019-12-18T16:02:43","date_gmt":"2019-12-18T16:02:43","guid":{"rendered":"http:\/\/pepsyna.com\/?page_id=1113"},"modified":"2020-01-03T12:09:59","modified_gmt":"2020-01-03T12:09:59","slug":"pudelko-apteczne-typ-10-125ml","status":"publish","type":"page","link":"https:\/\/pepsyna.com\/index.php\/pojemniki-plastikowe\/pudelka-apteczne\/pudelko-apteczne-typ-10-125ml\/","title":{"rendered":"Pude\u0142ko apteczne Typ 10 125ml"},"content":{"rendered":"\t\t<div data-elementor-type=\"wp-page\" data-elementor-id=\"1113\" class=\"elementor elementor-1113\" data-elementor-settings=\"[]\">\n\t\t\t<div class=\"elementor-inner\">\n\t\t\t\t<div class=\"elementor-section-wrap\">\n\t\t\t\t\t\t\t<section class=\"elementor-element elementor-element-5bf846c3 elementor-section-boxed elementor-section-height-default elementor-section-height-default elementor-section elementor-top-section\" data-id=\"5bf846c3\" data-element_type=\"section\">\n\t\t\t\t\t\t<div class=\"elementor-container elementor-column-gap-default\">\n\t\t\t\t<div class=\"elementor-row\">\n\t\t\t\t<div class=\"elementor-element elementor-element-286f300d elementor-column elementor-col-100 elementor-top-column\" data-id=\"286f300d\" data-element_type=\"column\">\n\t\t\t<div class=\"elementor-column-wrap  elementor-element-populated\">\n\t\t\t\t\t<div class=\"elementor-widget-wrap\">\n\t\t\t\t<div class=\"elementor-element elementor-element-45579d48 elementor-widget elementor-widget-text-editor\" data-id=\"45579d48\" data-element_type=\"widget\" data-widget_type=\"text-editor.default\">\n\t\t\t\t<div class=\"elementor-widget-container\">\n\t\t\t\t\t<div class=\"elementor-text-editor elementor-clearfix\"><p><!-- wp:paragraph --><\/p>\n<p><a href=\"www.pepsyna.com\"><img loading=\"lazy\" class=\"aligncenter\" title=\"Pude\u0142ko apteczne Typ 10 125ml\" src=\"data:image\/png;base64,iVBORw0KGgoAAAANSUhEUgAAAY0AAAEACAYAAABPiSrXAAAgAElEQVR4nO2d6XrbRtK2df5HNZnYiXdZ4r7vlKjNlu3ETmbe6e+Hv6dTLFWjQYJgA9Tz474SixuWRt2o6gVnr1+\/doQQQkgezlJvACGEkPpAaRBCCMkNpUEIISQ3lAYhhJDcnL1588YRQggheaA0CCGE5Obs7du3jhBCCMkDpUEIISQ3lAYhhJDcUBqJeffuXSZlf3\/ZpD4+Rbc\/Vt+t+\/4RsiuURmJiJ6js7y+botv3\/v37pKTef0KqBqVBaRT6\/aLf\/+HDh0J8\/Pgxk6Lff35+nkns80WlVLbUCNmVs9Qb8NwpOygUvdMuKo3Y98eCft2JSaXs80fIoaE0KI1Cvx\/7fOxO\/eLiohCxoJ36+2OfTx0ACNmVs9Qb8NwpWt4o+v1ll2\/KDup1l1LR8hchx4bSoDQyKTsoFw3aZVN0+xuNRiZFvz91ACHPD0qD0sgkFlQvLy8zSX2nX1QaRfcvJo3Y98c+nzqAkOfHWeoNIIfDKgnFMoXUmcQhpHJxcfEkwGYF3Waz6YkF7dTEpCH3xRKR7ntCO5HtQ4sSZbFD3HQcq83vW96re3kwxf5TGieE1ZeQus\/hWOTNBFJL4NjS0G0gb9BI3Zb3afOUBqVBcqDLUKcqhV1lAWFYwfdUMw0pDvk6RHJxcbGVRbx793SeDIMm9z8qjdiHSLXRJQT9eizoFq25pyZrO62\/x\/a3amgp7EKj0XCtVsu1Wi3\/b5T0soICXjtEebNsYjdFZX8+NSn2n9KoOZYsdskkYoEntRRiyDtpSKHZbLpWq+Xa7bb\/u+wDkRdEaimUKQ3IIgvdj4G2hLaTun3HoDQSSKPo6BJSHfap3ee5W60yehubzaZrt9uu1+u5fr\/vBoOB6\/f7rtfruW6369rt9tadd5GgfAyQKYSIvV\/\/vd1uu06n47rdrut2u\/7GQAsC7Sl1m96lzVuU\/fnUpNh\/SqPmWJJIHchT3IlrYQyHQzcej91isXDz+dxNp1M3Ho\/dYDBwvV7PdTod1263k0vhkNKQYgCWLHq9npcqjkOj0dgKEmhTqdt33vZPaVAaJCeWKOqUKRxKGgianU7HDQYDN5lM3Gw2c7PZbEsY3W7XtVotf3edWgplS6PT6XiQXUAaEIc8JjKYUBqUhvWZs9iHSHpkFoG\/NRo\/OzllAJUBo9ls+vcB\/R369bKDOtldCnmkITMJCf6GjANCRbbVbrddt9t1w+HQDQYD12g0tvo08gQV8vygNGqAHAmEv0ESum4NaaDckDrbSB2Uq05RaeiMotvtPskupDRkPw\/eC5G0Wq0n\/Rmp2z6pHpRGDciSRqfTMYOIlEYWlEa9pYGSk0RnHKDX67nBYOAzi36\/79rtthsMBm40GrlOp+PbGEpTqds+qR5nqYdMkmwuLrZLSBcXF37Uk+zsRACSpQktBStYVT0onjqy\/2EftCh05iEzjNFo5MbjsRuNRlslKgwa6PV6vs1AGqnbP6kelEYNQMCX\/RKQBgK\/zDzQyYkhlXW+kz51DiENKQt8p5RGr9dz4\/HYDwwYj8e+PNXtdt14PHbT6dSXqNCeKA1icZay3k3iXF7a0oAgdKbR7XZdv9\/3WMMvjxnUiwbFUydUSsqLlga+EyOjMPx4Op36ocfD4dC\/NhqN3Hw+d\/P53EsD7UxnuYQ0Gg1Ko+pcXm5PwINEZNkBnZ0IGLK+jdq17PiUAqE06i0NZJRSIuijmEwmbjqdPskw0LeB7GO1WrnlcukGg4FvY5QGCUFp1AApDfwN0pDzD2QQghjG4\/GTOvYx5ZE6KFedotKQM961DBaLhbu6unKr1cpNp1OfeXY6HTccDt18PnfL5dJdXV15aTQa\/\/SbURrE4ix1zZtk02hkS2M2m\/nyAurS7fY\/neCyE3Q6nT6ZGQ2ByBKXLG\/IJTh0OazRaESDoiUOGfS0XPREtLKlZo0+kljysybMhUYt4dhZndXy961jiyxTboOe1Y3zO51O3Wq1cldXV269Xrvlcunm8\/nW+6VQlsulW61W7vr62q3Xazefz91wOHSdTse3OV3KJKTZbFIaVUdfwJY0FouFDxJSCAhYEABGyciSxXQ6dZPJxI3HYzccDn0gkr+N35dBU65dJN+jA2wsKFrBOBbIJcfIBOTvydnUGH20T1Yht18GdsyjGA6HbjQaBX8XQl+v1261WrnVauUWi4UvQ2FY7XA43DrvyC7W67Vbr9emNOT5TN3+SfWgNCpOXmnowAEQPCAQZB343Hw+d4vFYmuNptFotCUPTaj8pAOiFJclDexHVjmraPkmxq6Zkg78sc+Hgr7MFELHTUsES6MgS1iv126z2birqyu3WCy8LORACNk+rq6u3PX1tbu+vnZXV1ceSoPswtmxOkTJfujACokgIMnOTNw94v8RTGazmRuNRr4zXE7ykhmIzFpAKBNBQImVZ6zAb2UKZcshRNHyVOz7pACsMpV+n5QE+h1wTnBer6+v3WazcZvNxo1GI39jIDvAZUZxdXXlbm5u3O3trbu9vXU3Nzc+w0Cfh5YG9jl1+yfVg9KoOPoChu0RcHAHulgsvDRwR7nZbPxdJQLDZDLxneLoQJciQRaCgCPvTDHKZj6f+0xGBi3d\/5EVUEN33jK4xt6n79TLkEbo7l8Pac7KsrI+L0c54RxeX1\/7IC\/PIY49+qWQEeqRUPrzNzc37u7uzt3f37u7u7staeAmw5IGbg4IkZyVXRMmxQhJo9PpbAWM+XzuS1QQB+5GEThubm58OQMCQACSY\/eRfWAGMcoi8u5VlzkQfJbLpS91zedzNxqNcotF7jca6KGCfohd5RISnM4UZEkJfUgoE8lsQZ4XKQiA0W9gMplsgfOx2Wy8GKQckF3c3d25u7u7rUxDnjeUMqUo8pTvyPOD0qg4yCrkv3FBY+IWMg1IwwpMCBwyqNzd3flAtV6vfSkL5SiZkUAieuw\/5KFBEMT2SJnIDnhIBWKRpRY5xySEfG+ZYNtwHACOB46J7CNaLpdPjocM5KFMQh9\/nGPcGFxfX2+dz4eHB\/f582fPw8ODF4Q+35CGPD\/L5fKJNNrtNqVBTCiNioMLWP5bSgNDaXHHmSfbkAFHBp6Hhwd3f3\/vg5m8E5Ujc2TGgOCpMxIETvmb+q7Xkpisu9\/c3Gz1r1jIAL4PctCABUo4OJ6yM1lLUt\/Z39\/f+9flMFjZTwTxQUA6I5HHSJ6nh4cH9+nTp63X5WvyPfK8arKkcYzRaaR+nKXqgCSHQd6FIpBipAzuYnUpRAduHcCt4IOArmViZQ5WhiDv1iGZ8Xj8RAJSdlo2FjKgWlj7Iol9vzyGuhSHsk4WKCPlyUSwPwj2Mnv4\/Pmz+\/Tpk5eAhRawRIpY7tP19bUfeQVxjcdj1+12t4ZEyxIdMpA85UNyelAaNadsaVjBSgdlBCpZ+pABSYK+DmDV7GWA1TV8jf4+TSyox0DpSYPXY7+vs5OQDK1S0+PjY+nSQIkK+wqpISOyJndKiaRu\/+T4UBoVJ9ZpW7Y0EKhw5\/v4+Oi+fPnivnz54r5+\/er\/\/\/Hx8UmQ+\/z5c2Y9\/fr6eqvPQ24\/yjOxoK6lFJOUJvZ5OQRZlv0ggryZkDyWOI6Pj49Pjq987RjSwKAIOWdHjuBC9oiJjLJ0dYjRa6R+nBUdfULKRQ9B1fIoWxo66Mmg9uXLlyeSkAHPkogOfPJ9OiBmBUhZNssiVr7KW97Sgd3KBCws8VrHKeuYlSkNtBs5WAGixKQ\/TPiUy6mH2iY5fSiNiiMXo8PfjimNUNYBkGnI7EMSC5jIVvRdN8gKro+Pj1GpxIJ6DB3I5bbpUl0e6VjyscRgva8saWBE1maz8aJA34ZebgbyQJaR+vogx+csNnmKpEV2JlviKFsasbtgK5BLiViZilWC0X0mWaLSgTuLWFCPfb8M2PI7ccyKSiu2X2VLA6Uo7AtGfKG\/SZfzZNaR+togaaA0Ko6cr9DrpZdGnlJKLABLkGXIz0qxxIJ6UansknXskwnFjtsux6qsjnBMDPz8+bP7+vWre3x8dLe3t36YsFwFQM4hQV8HeV5QGhVHzqS2ZlMfqzxlZQlfvnxx3759c9++fdsqSelylews1wHQ+tsu0ig65HaXvg2rI3sfKcVEccyOcMwOv76+dg8PD+7bt2\/u+\/fv7uvXr+7h4eHJEjQY5YYRZKmvD3J8SpdGbEYvic94lst74N+dzs81gvRDd2QnZmgmsjWpLu\/oqaygtm+fQZY0Yp+PBe2iFM10ys6UrPdmDYnWS5VgyO3V1ZXPNHAu5Dl+eHhwNzc3W3Nz0OYmk4lfSVnO0k997ZByoDQqjr74ikgjazkRSqPe0ohlT1nSQFv59OnnwAZkcMiU8P2QBjrG0ebw8C\/ZRimN04XSqDihi7HT+bncQ15p6DWo5DIilEa9pZElDGuOjF4UEaOnZJ+GtR03Nzd+dJXMNKbT6dZzPHZZO4zUj7Oyf+BYC8qdOjiW6OPodru5pJG1NtI+k\/sojWpJIyQM3Z8RkoZ87OvDw4Pvh8Kxl+0C0pCTJrFSckga5PSgNCqOXvW1iDSsbIPSOA1pZAkjNBMcWYZ8Bgvaxs3NjX8dr0EyckY+\/q1XRNbtlpwOZ2X\/gFxSmuyHPJa4OLvdnyuQDgbZ0oite0Rp1FsaoXKUtWyLJQ2ZcWACH56x0uv1\/Egp\/Uhg9GlkSYOcJpRGTZDSGA5\/PnY1rzTkk\/z0UuWUxulIwypJWcLQK\/Zija9+\/+coPbS3drvthkP7eS3IUNAxLp\/9IdspOT0ojYojn3on\/72vNLL6NiiN05CGXtpdC0P3aSyXSzeZTFy3+3M9KTzXA0ulLxaLJ88ZR3uxpKEfqkVOi7PUG0CykRcjZuL2+z8fxzqfz\/3\/S3HoO0JrdVYEE6tUFZocp4N6FSgadKsuBeu98vzoh1bpcpTu07AyDsy1QKDXQX82m7mrqyuzjejylPw8OU0ojYoTksZoNHryvAnrWdS6o1OXqGJP1otlHbGgSGkU2z4tCmumt0TLI0+fhpSGhNIglEYNGY\/H\/v+xjMNgMPDSwHLW8oFB6KDUWQaWjZAXvwwyljiygmye8hClUWz7QpLAOct6TS4REuoAR4nKkgbEkSUNzNPAe0ej0dbaVOT0OEu9ASQbSGM0GpnSQDYBeehVSfXDg\/SwW+sJcrpEldXPUXQV2WPdqVeVPOtehTILLQ1LHJYkJNfX137klGxzCPwxaSDbxXv15\/WTGUn9oTQqjiUNZCCyDKXH0mNopOwcl2Pu5eqmWZ3hMXFQGuVKQ79HCyKWaewiDR0c8khDPmcD7VWuhJs6wJESpJF6A0g2uCDH47G\/QKU0IA6UnhAoUDawHlcqO8WzRlEhSIXEkTfopQ66Re\/0y8SaZGn1KcX6NEId4ZYkNBgBJdsc\/j8mDb1UOvrX8LfYM95J\/aA0Ks4kpzRk6Uk++xmSCKHXpgrN4zimCCiNMJYkQiOj9JBray0yrHKrpTGZ\/JPVZklDCgOfRdaCfjhyWlAaFWeSIQ2dQVjzMbImdMmMQ9+FWuUrSuP40rBGRsnAnzVxL3RO5Y2BlIYODvtIA4MxKI3TJSqN1BtIslkul1sPXELHOB7hiRLH\/f29fw+Ww57NZlvBRAacm5sbd39\/78teVrYh+xVkAJSvy\/+XQVqOvrI+i79bAd7qh8HrCK6yo1+\/B6PGrD6d0Hfr7cB3yyCul56X+4D919ukByJoPn365G5vb70A8DkE+9Vq5W5vb\/3fcO6w\/fJRrvhObP\/19bUfeTeZTLau+dls5ubzuRuNRl4asi1BOKnbf1EguRCpty811jGhNGoO+i0gDh3AZACRE742m40XjrxDlaOs7u7utrIXa6HD2B0+BKGl8fDwcziuDMCWNGId4FJAkBS+R3eU68\/p37KEGMsMQs84l+\/PkpqUjy4PSkHgvODvkMZ6vfbBHJmlFMNms\/G\/L9sDVqzFUO3JxJbGcDh00+nUrddrd3t768WHvrPU7f8Q1w+lsdvxoTRqDobfyhKCDE4y0CAgyYCiR17Jvo7b29sn2Qu+HwEKgtLBUf6GvOu3ljIJ9Z9Y2YbGEo2WRqxsZYkLIrL6EOT26v3VZSSd9ehHrVp\/l8dMrzYrgz7OmyUFmdVgP7FNsixlXetyvg\/aFn4HIqU0ngemNPb5EKkO3W7Xdbtd1+\/3\/cWN4CulIUWCICfLHtazo6V4kJXIUgdkIoOZLP9oqcjgKDtirUlq+C7rDlwit1WWi2SglvumJadf1+U4\/ZpeLTiro9naV5nNIRBLOWPNMC1nZH8yi8A2IDOSktD\/1uVJDLWVcytC1\/tisXCbzWar5Ih2kbr9k+NDadQcLJHearW8OBDEcWHLQK8Dpg7a+j2yVo7A8fnzZ1+6wuit0N0xghzKPfI3ECzxHr1NMjOxQECVgpOBUYsktER81uvWiCTdD2R9n5SE7jOScpD7LB\/BKkUvj5dVUpPH9u7uzv9b92Hgt+V8nixhIAZgEqk8Juv12s\/vIM+Ls9gb5ANXSPXo9\/teHN1u1w2HQ3+R424Sd5uWJBCgrPKOrsPLgIS7TZ1pyAAo54\/o1\/RdNX5LTkhD1pQ1gkhmJbKDWwbZUL+BzLq0NEOS0sHfGvqKgDqfz7fmz+hMA\/0Ncrt1JpRVVtN9NTgW+Dd+V\/Zh4HzJZ2hkgbkWs9k\/qyjLZWtSt\/+iMP7tfnwojZojHwMr16uaz+dutVq56XTqg6+8M0fAkXf61kimUD+DzhhkYEMGocUhMxAEH9xtYyQVOuixvLsVzOUoL7ltkKDsvNdS0N9hjaySgd\/KxDAhDtuvhbJarfyM\/FCfBj6j+0OkBEOd9Xpkl5Q4pHF\/f7+VcaEPQw5+kEvQYHtlxjGbPR2Ge2rxgfFv9+NDadQc+TyN2Wzmx82jrDAcDt1qtdq608VQzsfHx63htVbwkh2+snNV3tXK0UtydI3MYuTzL3TZ6f7+3j0+PrpPnz75YaBYN0vLAsEc0tEBGa9j\/opVhpKZgB7JhDtyrKkkS0XYN2Rws9nsyety\/yHkWCYUQ0pDilpmiDJrhDRkuQvbLIdoS3lgBQHIYTb7OXoK50IGkNls5lcaSN3+i8L4t\/vxiUojNakPWtUbrb4zlH8fjUZuOp36rENO6JNlC1nG0HMq8DcZ9GUwk7Kwgp0ekqrvlvUw2lAWI8tXsl9Bl9V0JqFXxJXZyGq12hKZlAuCqTWySvZDyM9pcWg5WMFfl8b0KLKskWNWBmL10Vgd9EBKEJKAKCAPQiSURmIOuf+y5oy7Q1z4uMuUCxfKzlfZAas7xOW8hV2lIQO2Ln9JaYQmzln9K7L2H5INgqau+8uAfX197aUhxSD7XrL6eWSfhB7mq4cb62Ooh8PGhKCPmxaN7osJddyHMiv0U+hngae+Pkj1oDQSU3T\/5XLoctVblGB0J6Z+n+6UliORZH+H7ADX9fSs+RBZwtDSsEpk8nfkCDBdHrPEgTt5Sxz4fZTF5H7J8pKcNKgzBWQ6UpJyO3EnHzpWVt+Eft3qqLcGBOwiC7m96JtBe9IlKUI0Z6k3IIZ+PsSpUXT\/UVeWGQUyB3SE67IDPodJfHp+grzbltmGviOXd9ZWJ62UhhYGXreyDEnoDh3fIR\/EpMWB+n5oJrnsS9GyQ2DG6\/ruHx3i8jX5G7J8lbUfoWMMIYRKUKFRXno0l5WdSGaz2ZOblNTXBKk2lEZiiu4\/HtWJEVSz2cyvSSQ7lPE3OTIJfRt6qKcV0EId5VlZhC7X6NFBobt\/fTesS0s6+wmJ5\/b21n358sX3q1ivW\/00MnBbr++SaYSOoSyhhV7HyDKrHBWTgpay\/l3cWMg5GrrNWQ\/1IuQs9QbEkHX6U+QQ+z8ajVyn03HdbteNRiP\/2el0Gi1FyU5ja06BnoUsA5Y1v0N35uqykuwYtu689WgtGahlx72VpVhlHEhDZjuyH0BnQTpwF+0It\/oRZJagJRoqs4WIPZRKSkMPeZ7P51vzMNBu8P+prw1STSiNxBTdf8zqbbVartVqucFg4IdNQiAys5Cr2Oo7XhkE5ZBMeUerh4xad+9aGroDG5+LSQOjnfRdMvoK5Cxoq2MYUtBZig7U1nbLTMuaSIjX9XpR8jvlsQplGrHykc4e5HHDsGlkUnrhRGyHzFxkH8Z0OvUj7NCWpDTk0GZCAKWRmKL7v1qtvDSazabr9\/t+ATqsUDqfh4fc6jtpXZ4JSQPB0MoydPkKd7laGnpuh5YGliuRQRwBGt+tf1PfnVt37FJKsv\/CKs\/pTmUpDYw8ksdUSyM25DarbwLS+\/z5s3t8fHRfvnxxX79+dd++fXN\/\/PGH+\/PPP30mFRrajO9DlinFAGmgL0wKhdIgIaLSiH0BpVDs+Bzqd7rdrms2m35G+GAw8EEBD8eRWQcCoRV0dUd0FnL2tTVCx6qz6xFNoRFYsrylX8Pf5EQ3ve06u9Cvy8Cuv8f6jP5tK8vSo5r0MFjMwkb\/kjwOlhy+fPmyBQQBSXz9+tV9\/fp1qwQnRYTfkr+JdjmbzZ5kGngN\/461XzmU26Ls+JE6\/lT998uIaZRGyaSWhjUqZrH457nhMmBaJRA5OU4GNPD9+3f3559\/+gCn+w6sOnwoiOfNFEIB3pJTrOQTEgWwhq7KbZCZhrV4oR4dhUCPbAEy0BnE9+\/f3Y8fP9y3b9+eII+\/lb3IZVYgCykrtEtKg9LYB0qjZFJLQ\/+eHp0lA54upcihqAh4OsD9+PHDff\/+3cvjjz\/+2ApuuqNWEwruVh+DJYi8IgoRmikdIiRBLVwpWX3MIIY\/\/\/xzSwDW6\/JYypFgOH4yi0EJSmYV+pnwlAalUZSz1EGVHIaQNKyL12pU1rPGtUjQ8SoDnAx4+k75+\/fvwTtkBEH8NwtZktHZjsyC5Ouhz8rMyeo41mWwmPRi2w4JyP2X2yVfl3KQ2y9nrcv+CblirX72u\/UMeL1AYR5pxNpdUWmQ+kFpnAghaSwW\/1zYslQhl8fOusjlnbSVbWgpyECH92ZJAHfUUjQS+bp8348fP9xff\/3l\/v77b\/f333+7\/\/znP57\/\/ve\/Hvl3vPevv\/7y\/Pjx40m2BGQwD4lPS8kSk1Xaw\/fJjEIOD4a8QpkEzlUsM4L8ZbmK0iBFOCt60mOff+6N6lj7nyUNbIdVe9dBSZc4tGR03V53asu7fi0IWaoBuNPWZZkQuwjj\/\/7v\/7bEIaUBWVjlNUsWWhjYF0sMlhx0hqEXgJSj1bLOge4zifXRWNLZRRplX9+H+I2U8afqv19GTKM0SqZK0kA5Q3bsZg1XlUNKdRCzApru8H18fNxpdJAOtLLGL6UixSGDv8wgdFYBOcgsQpeFrEzJKhfJ161MQ4tSjmzKEoNFaGSa7nMKDSbQWQelQWkUhdIomSpIA79lZQ5Wh64chRRaTFAGJVkCkUuVLBaLzI72h4eHXJmI1V8CGVjZBfjf\/\/7n\/x8ZR55MI5RVWOUn2aEv53ZACHr0Gs6H7j\/SkwCt9aysIb6WLPR6YvJvlAalUZTK92kUPSmxO7mq\/36e7Vssfkqj0Wh4aWAdKtnhvVwun3R0WyOD8s5XiK2LtNlsnnTI7lqTt0o\/MoDL4G8RK3dZ\/Q+SUNkO5xcTKeX6TfKYS1FLcerjmAerBBUbsiwnJ8olROTkvvl8vnVOZNtMHdRj10\/Z31+U1MenKJQGpXFwaVgjjqzlL\/TroTkcGj3CC\/+PO+XY0vII6iFGo1EmsWGMEILOGnA85XGWmZZcU4vSoDSquv2UBqVxcGnIEo21aJ4uPeklL2KBUi+8t+uCfvr5EqHnTYTQmZIUgC7pWWUlS56h4b2UBqVRte03pZG6UaQ+aKlPyiGOQUppxOYxyFnlWhh6xnloqKq1thK2JfbbsWVQ8gZsa9kTuTZWSApFfrMK0ii7\/ZNqY8UbSoPSKCSNUHDVS5uHgnls9JE1EU9mGrFlQmLEMpVQ6S12jLJKc1mvUxqkSpjSSL1R+2y0xJoFm2eYaF5i31\/27+c5PimlEQuUesitlkBMGnoIrh4Wu4t09sEqicnAvK+s8D1Vl0bR9l\/29VP16zP18SkDSqPmjbIK0sjKQqxJf7sEdV320Z3pRTONGLHS0r7fW5fyFKWRNn6k3n4LSqPmjbIK0shT07fEYXWia\/RkQD0ZL0+fSpE+D31M9H5ax0mv0pt1fCgNSqPK229RWBqpG9VzZ7X6OWt4OBy6RqPher2eG41GXhqYOwBp6HNmjSSKLWO+6x1yVnkqlmmEPlekQ\/kQmcKhKLp9lqzkjYBesHC5\/Dmxbzqduslk4sbjsVsul37i33q9vS5Z6vZ96tRRWpRGzaE0KA1Ko75QGiRJo6M0KA1Ko55QGiRJo6M0KA1KgxwLSqPmUBqUBqVBjgmlUXMoDUqD0qgv8vyUQRnbTGnUHEqD0qA06gulQY4OpUFpUBr1pZbSSL3RZf\/+qbNardxms3Hj8dg1m03X7XbdYDBwg8HAzWYzj3y+g3XctTT2XXtqV2nssuDhPtIoGtRDEx1Da02lQktD3gxAFmA+n7vJZOIfwIQbD1yv8nOp2zepHpRGzaE0KA1KgxwTSqPmUBqUBqVBjgmlUXMoDUqD0iDHhNKoOZQGpUFpkGNCadQcSoPSoDTIMaE0ag6lQWlQGuSYUBo1h9KgNCgNckyi0qh60K\/79hXdflzwi8XCdTod12g0XL\/f3woKmOA3n8+fTPDD9+wrjdhDjPSDmPJM6JPIR7vuM7GvqBSKUra05ERMnL\/Qg5fAbDbzD+o6dWlUPT7UEUoj8fY9R2nsIg79lL9dn3hHaVAaVY4PdYTSSLx9z0ka+4pDZxmUBqVxKvGhjtReGlXnuUvDel\/evgyIBf9f5LnalAalwfh1GCiNkqE07PfuIo6s76Q0KI0i11\/q7asjtZeGvEAsUm\/fc5dG0XLWvrKgNCiNOsSvOkJplAylUawfZB9RUBqURl3iVx2hNEqG0rh78jlKg9KoyvWXevvqSOmT+2rIweAAABRESURBVIoSk0JqUh+fq6srd3t7666urlyv1\/MPYhqPx7mkIS8e7JN8EFNRaRQN+kWlkFoaZWNN6Lu6uto6r1nSwIOWrPac+tqqw\/WXev9THB9Ko4InZVcoDUqD0mB8ojSe8UnZFUqD0qA0GJ8ojWd8UnaF0qA0KA3GJ0rjGZ+UXaE0KA1Kg\/GJ0njGJ2VXKA1Kg9JgfKI0nvFJ2RVKg9KgNBifKI1nfFJ2hdKgNCgNxqfKSCP1Tp86RY\/\/1dWV22w2brVaueFw6Nrttut2u244HLrRaOQmk4mbTCZeHIvFwotDT\/LDd0ppSLQ8tEBSBP2ypWAdh10o+\/cxoU9LA6zXa\/\/gJTCdTt1oNHKDwWDroVxW20p9fZDqQWkkhtKgNCgNUicojcRQGpQGpUHqBKWRGEqD0qA0SJ2gNBJDaVAalAapE5RGYigNSoPSIHWC0kgMpUFpUBqkTlAaiaE0KA1Kg9SJs9QbQIqDi3s6nbrLy0vXarXceDx2g8HAjcdjNx6PvTjm87kXh5aHFJV8INMpS6OoFIpKw9rWXb5ftwOIQpIljdRtl9QPSuMEoDQoDbQDSoOUDaVxAlAalAbaAaVByobSOAEoDUoD7YDSIGVDaZwAlAalgXZAaZCyoTROAEqD0kA7oDRI2VAaJwClQWmgHVAapGwojROA0qA00A4oDVI2lEbN2Ww2br1eu81m45bLpWs2m+7y8tINBgM\/wW80Gnlx4GFMeCBPTBpSHjLQHUsKsaBbVArWe\/W+F+GQAtKT+DSWNPAAptls5plMJm44HLp+v5+8\/ZL6QWnUHEqD0gCUBjkGlEbNoTQoDUBpkGNAadQcSoPSAJQGOQaURs2hNCgNQGmQY0Bp1BxKg9IAlAY5BpRGzaE0KA1AaZBjQGnUHEqD0gCUBjkGlMYJsF6v3c3NjVuv167VarnLy0vX6\/Vcr9eLSkNO8gs9kClLGqmlUFQasaBf9NwUlU7e35GyWK1W\/rxiQt9sNnPT6dSNx2M3Go3ccDh0w+Ewedsl9YPSOAEoDUqD0iDHgtI4ASgNSoPSIMeC0jgBKA1Kg9Igx4LSOAEoDUqD0iDHgtI4ASgNSoPSIMeC0jgBKA1Kg9Igx4LSOAEoDUqD0iDHgtKoOZvNz0l9CDDdbtddXFy4Tqfj+v2+n+QnH8QkJ3pJeVgT\/WQAsybESSCC0OQ+K5AXDfqppXCI81dk++SEPpy\/5XLpzyulQQ4NpVFzKA1Kg9Igx4TSqDmUBqVBaZBjQmnUHEqD0qA0yDGhNGoOpUFpUBrkmFAaNYfSoDQoDXJMKI2aQ2lQGpQGOSaURs2hNCgNSoMckzM0uqqS+gCl3v9djs96vXaj0cg1Gg3XaDRct9v14pAT\/KbTqScmDfn9Wh43NzemDKREYlKwBGGJqiwp1L39xqSBBzDhZmE8Hvs2MZlMkm9\/6vNT9fNbxeNDaVTwpOx7fCgNSoPSYHwqG0qjgidl3+NDaVAalAbjU9lQGhU8KfseH0qD0qA0GJ\/KhtKo4EnZ9\/hQGpQGpcH4VDaURgVPyr7Hh9KgNCgNxqeyoTQqeFL2PT6UBqVBaTA+lQ2lUcGTsu\/xoTQoDUqD8alsKi8Nkg1kgf+fTCbu8vLSXVxc5JIGJn+FHsgUk0ZRyp58l\/r8HOL8WoLQyAcvyUl98\/ncTadTf95Ho5Hr9Xqu3++78XicfP9I\/aA0ak5eaehZ4ZRGPaA0SNWgNGoOpUFpUBrkmFAaNScmDQSI4XDoRqORm0wmW+KgNKoNpUGqBqVRc\/JKQ\/drAEqj2lAapGpQGjUnJg2Ig9KoJ5QGqRqURs3ZRRro15BQGtWG0iBVg9KoObtKA9kGpVEPKA1SNU5eGtYFJjmF30dw32w2bjqdusvLS\/fx40cvjKx+jUNKQ07qA5YgrO+Uf5f7dkwpyAAMqnB+s7Yv9OAlPGQLNwbj8dhnmt1u17XbbTefz5Nfn1UndfxIvX8WlMYJ\/P6hpCFnhmdJIyQOObub0qA0ToHU8SP1\/lEalEZQGjLbkMuJ6CC9qzgojXK3j9Iol9TxI\/X+URqUxhNpILhYJSoZNEOB3hKItZ5UXaWxz0VFaZwOqeNH6v2jNCiNTGlY2Yb8nX3EQWmUu32URv2v3yrvH6VBaTyRBlY\/tbKN5XL5ZButwB0rWdVZGjEojdMmdfxIvX+UBqVhSgPi0B3ikMahxEFplLd9lEZ9r98q7x+lQWlEpaGzDWtbQwGc0qA0To3U8SP1\/pnS2OdDpFoguG82GzebzVyj0XDn5+eu2WxuTfCTCxdicl9MGqEHM2UJQIoiFvTLlsIux1EG4LwUlUrR7YtJAyPkxuOxv2nodDqu0+m4xWKRvO2S+kFpnACUBqVBaZBjQWmcAJQGpUFpkGNBaZwAlAalQWmQY0FpnACUBqVBaZBjQWmcAJQGpUFpkGNBaZwAlAalQWmQY0FpnACUBqVBaZBjcRZr9EUviqLfX\/ZFWfb27bL9WUFB\/13O3F6v11uzuVutlnv37p1rtVo+QGhpyEe+hpYT0UFFSkOLYt+HKJUthdjx30UQ+0ij7OtHtgdIfzab+ZuB8XjsZrOZGw6H\/sFLmNw3nU6frACw6z6lvr5SB9DU25ciZlEaCQ66tf3yb6E7SS0MubigDPTNZrNUaUhxUBppr59DSWNfcaS+viiN48csSiPBQdfbL\/+dFaDkBa5LSTLYN5tN9\/bt24NLwxIHpZH2+ikqDf0Qrl3lkfr6ojSOH7MKS4McjpAgLFkgOOCCl\/0Sh5QGti1LHFXpk6A0dpeG7MvS8tACKWP\/SbkUbd8WlEZFyBKGFoUEd4vy2RiNRsO9ffvWNZvNg0ljtbLFQWkUO+9VkIbEepIjpVFfKimN1I0q9UV\/6O3PIwsEhOl06gM+RkJBGm\/evDmINPQx0kGtaNCPfT52\/CiNYtKQWPIIZbxVyUTKCIqHPP+pfz92\/vaB0ih5+3bZfksYWbKYTCZeFhABlkY\/pDSyxEFpFDv\/qaWhl8jX8qA0KA1KowbSsDIMSxiTycQLYDgclioNeawojdOTRkgclAal8UQaRRtFUVL\/\/jGxpBDqq8CFj0l44\/HYjUYjz3A43GIwGLher+c6nY5rNpv+QUytVsu1223X7Xa3pAGKSqNon0bV+yxSX\/QhQeS9wZBtZTAYuMFg4Pr9vuv3+67X6\/nXZJuQbc7q9wiVr6x9Sn18n1N8ORaUxpEIXehZJShIIyQLBAEEgl6v59rtdunSkOKgNIpxDGmg3ei2IqUREkeobKXbSaitpD6+zyW+HBNK4wjkEUao\/GRlFPJuUd41ouwAaVxcXBxUGsvlU3FQGsVILQ38LSQPq3yV1eeh9y318X0O8eXYUBoFt28X8shCl6IsSeCChyhAp9NxrVbroNKIZRynPqS2bMqWhmxL6NeQbQfPjrfkgWeKA0scscmBh7x+SDWgNI4kjaxylBwJpe8KswTR6XRcu93eotVquUajcXBp6HNBadRHGrJdyawUbUJiCUSWrKy2kiWO1AGOHB5KI4LVaV2EvMLQF3dIEs1m07VaLU+z2fTSuLy8LCyNrLvI5XJZeHQUpVGuNHTbku0Ko+pASB4QyK7i0NuXglh8Sb19dYTSOKI0rA5vSxgys9CisATRaDRcs9n0HFoa+uKjNOolDQzNltLATYhcOt+Sh5RISBpZ4kgd4CiNw0NpJJBG3vKBFIaWBbi8vHwijjKkIf9GadRHGvLGBO1Lti1Z8rTEgf9HthHq2wj1b6QOcJTG4YlKg+RHX7zyQtIlKS0LlKTkBY2Ar8WhpQEuLi7cxcWF+\/jxowflKykOWX4IdXJaF50V6Koe9FO3iUNKxdonK4DrEXgQBjIMtCU5+VNmHZZA9pVGasqWTurtozRqjDyoIWnoPgxczCFpWJ3ceaQhxYEMBNLAMEs9OkZnHFnSkMGM0simbGlY8yesvjI5+VO2pTzC2FUaVRIHpUFpVJKQMGJ9GNb4+djIqCxpWOJA+QoBAtLQM39DHZx6X3VAozSyKVsaOljrbFaWPa0bkjyyCHWE51klNzWURgnSSL0Bp0TWzO48wtAd4KFOcN3pLfswtDgAxNHtdrekYQ2n3GUc\/i41+X2gNPL3aaAN6gxD95NJpChCI6jk0FvdTmIZR2pCN3F5qfr2pYDSKOHkW7LQd37WDO8i0giJA2UqiKPdbvvlI6xlI3Ydh09ppJWGlAfaHsqeKEnpYdt61FSeobZSGJY0qioOSqMEaaTegFMjtByIFkbWTG9ZMohJI0scl5eX7vz83IM+DogjFBR0IAiJ49BBkdLYP9NA25OjpOTQWrQhCCNLFnpJEV3ClG3Eai9VwpLbLlR9+1JAaZTUAHSHty5JWWtHWbO\/80gjSxzn5+fuw4cPHimObrdrlh6yylShjIPSSCMN2fYm\/3+tMvRf6KHaUhqhrMKaBa6FoaVRZXFQGpRGpdEXUmhobRnSCPVvQBbv379379+\/dx8+fHAXFxd+RJV1R7nLkEpKozrSGI\/HviQlh9VKcYSkEVvtVrZpSxpZneNVuCYpjSNKo+wNSH1SDvn9WhShZc31kuZZixBa9ehd+jlQmpLigDw+fPjg7z71xD9sa6wWu08AlKOnUkslVnOOSWGXz1v7hAmOel+s\/dN9F2hzIVlg8IOVYeiFCfNkFxappUCOD6VxwO\/PK41Yn8Yu4pB3kVIekMbHjx9NaQA9skrKYzwem5118\/ncB7Zd7vSz7p6fqzTkfsR+w2pzcqg21iKT2absy9AT9WSbDD2EidIgGkrjgN8fk0bsIUqhUlVohdvYulRyiXQpjnfv3m3x\/v17d35+7oMMRlchaGA\/8O\/Z7OdzFPIE7Vg5K\/XoqqLS2KdEFZJFaESNzipku9KZhR4IIUdLhaQREgalQSzOypbCc8KSRt5HtYb6OmIZiB53b5WtpDiQYUAYb9++dW\/fvnXv3r3z\/R0y6wgtWIcadmxUVSh4HkoKRQN60SGTRfs2QhkF2pOUhZzZjXNv9WPJdcjkpD0tDM0ustD9GOT5cJZ6A06JLGnExLGvQLRMtEQsccjRVFoiMuvQo6xk5oFtxb7jLsQKqEUyi1ORRuz3dH8F2os83v1+359TiEL2X8klY2Qfhl4KxJLGPsKgNJ4nZ6kbxS4NdB\/K\/n3ru\/QFmFWuylO6yiphxbIR+dwN+XAmPfkvVLrCSrkQh3yiYL\/fN0fYTKfhpUi0QIpK4RATrLKIper7fIdug\/o1KQnrUb6NRsOfP92nlWdIbd5y1DGuT1I\/KI0Dfj\/+Zl2EIXHkzUJC8sgahSUnd4WG6kqJoHz19u1b9+bNG\/fq1Sv35s0b9\/btW\/f+\/fsnczystYmyZg5nZSOpMoWi0ogRax96uPNoNNrq2NaZhEb2acm+C2uEVFZ2EZuHQQigNA74\/fhb6ELMksa+4ohlItZzOWSQubi42Fp65Pz83L179869fv3a\/f777+6XX35x\/\/rXv9wvv\/zifv31V\/fq1Sv34cMH12q1giuhWgEpFJSKln9SS2OX9mWdY102gjBQgsLw6PPzcz\/STS53b0kjVoqKnZ9jXp+kfkSlQYqRVY7KQ6jvIy95Rl\/JGjlKVShPIeN4+fKl+\/XXX71EgOz7wB2uFpnORnBsUIqRx0tnJbGgXDSoh\/qfQOiGAOfH+psUfJZU0T76\/b5rtVru48ePXtivXr1yr1698su\/oEwos4nQYoPy+MfaV9ntP3Z8i34+9fc\/RyiNkkktjax1rfQDn1Arhzg+fPiwVap6+fKle\/Hihfv11189L1++dL\/99pt78+aNn\/chO2OtvpnQTGSLsi8Aea508M9z\/LNWhdV9QCgXyiGyuiT4+vVr9+bNGz8oAZmgfiYKJBF7vjelUe73P0cojZJJLY28kwitkVZytJXMOn7\/\/XcPMo5\/\/\/vf7sWLF+7333\/3fSDn5+dmCUVijRDbhZiUYsS+33rWROiu3pKgPLZYC0xmE\/JYog8J\/Udy+KwUhvzd2Cq1lEa53\/8cOUu9AadOamnEBBLq\/9ATxkITBGXw++2339xvv\/3mA+Dr16\/9HBBIRNfldVAOdfCXhbXyq+5jyBr2LI+dLvVdXl76DAK8fv16q\/ykl3aBLCCK2CKDIWFk9WfE+jaO2f7Lvn7K\/v7nCKXxjKRhicMaeWUN2bUkgtFU8g5aBsg3b95sSUSWXdC5i5q9LMPI9ZKsAF0WWYLQQsXxgEBleUlKFOU7KVEI9Pz8fGt+hd5vZDqWzHAus4RBaVAapUgj9QaQbMrONGKlGj2BUGciUiYQiXyGh555rqWiSzMIquhTkd9lEVrx11q80cLafmvOitx+mS3I7YcYsG9yX5BlaTFiO7UsZKZjySBPH1Hqtpun\/Zbd\/o95fT0XKI2KcyhRhPo28tb85b\/Roav7K3RGIss0UihyJroUCAIzSlrv3r3zwTiEnN1uIb\/TQgsAJbaXL1\/6LEGW3bQgpBR0P4R8joXsz5GZHF63+itCMrBGplVRGHnab9ntv+zvf45QGhXnUNII1eRj5Q2rLIIMRHZka6Ggtq9nLMeeca6zlZgUYlJB8A\/x4sUL9+LFC\/fy5csnGY+VKejlxmV5CegZ2pYscPxDotav63NqSb9qwsjTfstu\/2V\/\/3PkLPUGkHoT6yfQo6VCCyyGsKQTEtC+5aksYtsX279YR3zq80fIrlAapBB5h6yGKFsqZUshtn+UBjk1KA1SiFhQjGUiZUul6PfHPr\/PiCxKg9SZs6KTowjJoqhUikqnaNAvKoUYqc8PIbtCaZBSKSqNsjOZsreP0iCnxlnRRk9IEcqWRtGO6rKlQUjdoDRIqRTNBFKXp8ru0yCkblAapBBl90mU\/XlKg5DdePbSKBpUCCHkOUFpVOAkEEJIXaA0KnASCCGkLpyl3oDUFO1IJYSQ5wSlUYGTQAghdeEs9QakJjaOnxBCyD\/8P0DvjvH1S315AAAAAElFTkSuQmCC\" alt=\"Pude\u0142ko apteczne Typ 10 125ml\" width=\"397\" height=\"256\" \/><\/a><\/p>\n<h6>Pude\u0142ko apteczne Typ 10 125ml<\/h6>\n<p>\u00a0<\/p>\n<p>\u00a0<\/p>\n<p><!-- \/wp:paragraph --><\/p><\/div>\n\t\t\t\t<\/div>\n\t\t\t\t<\/div>\n\t\t\t\t\t\t<\/div>\n\t\t\t<\/div>\n\t\t<\/div>\n\t\t\t\t\t\t<\/div>\n\t\t\t<\/div>\n\t\t<\/section>\n\t\t\t\t<section class=\"elementor-element elementor-element-df25a20 elementor-section-boxed elementor-section-height-default elementor-section-height-default elementor-section elementor-top-section\" data-id=\"df25a20\" data-element_type=\"section\">\n\t\t\t\t\t\t<div class=\"elementor-container elementor-column-gap-default\">\n\t\t\t\t<div class=\"elementor-row\">\n\t\t\t\t<div class=\"elementor-element elementor-element-0f25714 elementor-column elementor-col-100 elementor-top-column\" data-id=\"0f25714\" data-element_type=\"column\">\n\t\t\t<div class=\"elementor-column-wrap  elementor-element-populated\">\n\t\t\t\t\t<div class=\"elementor-widget-wrap\">\n\t\t\t\t<div class=\"elementor-element elementor-element-2e370a6 elementor-widget elementor-widget-text-editor\" data-id=\"2e370a6\" data-element_type=\"widget\" data-widget_type=\"text-editor.default\">\n\t\t\t\t<div class=\"elementor-widget-container\">\n\t\t\t\t\t<div class=\"elementor-text-editor elementor-clearfix\"><table>\n<tbody>\n<tr>\n<th colspan=\"2\">Sp\u00f3d<\/th>\n<\/tr>\n<tr>\n<td>Materia\u0142:<\/td>\n<td>PP<\/td>\n<\/tr>\n<tr>\n<td>\u015arednica:<\/td>\n<td>54.20 mm<\/td>\n<\/tr>\n<tr>\n<td>Wysoko\u015b\u0107:<\/td>\n<td>68.40 mm<\/td>\n<\/tr>\n<tr>\n<td>Waga:<\/td>\n<td>17.30 g<\/td>\n<\/tr>\n<tr>\n<th colspan=\"2\">Nakr\u0119tka<\/th>\n<\/tr>\n<tr>\n<td>Materia\u0142:<\/td>\n<td>PE<\/td>\n<\/tr>\n<tr>\n<td>\u015arednica:<\/td>\n<td>57.00 mm<\/td>\n<\/tr>\n<tr>\n<td>Wysoko\u015b\u0107:<\/td>\n<td>16.00 mm<\/td>\n<\/tr>\n<tr>\n<td>Waga:<\/td>\n<td>5.80 g<\/td>\n<\/tr>\n<tr>\n<th colspan=\"2\">Komplet<\/th>\n<\/tr>\n<tr>\n<td>Pojemno\u015b\u0107:<\/td>\n<td>125 ml<\/td>\n<\/tr>\n<tr>\n<td>Pojemno\u015b\u0107 ca\u0142kowita<\/td>\n<td>140 ml<\/td>\n<\/tr>\n<tr>\n<td>Materia\u0142:<\/td>\n<td>PP\/PE<\/td>\n<\/tr>\n<tr>\n<td>Wysoko\u015b\u0107:<\/td>\n<td>69.90 mm<\/td>\n<\/tr>\n<tr>\n<td>\u015arednica:<\/td>\n<td>57.00 mm<\/td>\n<\/tr>\n<tr>\n<td>Waga:<\/td>\n<td>23.10 g<\/td>\n<\/tr>\n<\/tbody>\n<\/table>\n<p>Opakowanie jest przeznaczone m.in. do produkt\u00f3w kosmetycznych.<\/p>\n<p>Opakowanie mo\u017ce by\u0107 u\u017cywane do produkt\u00f3w spo\u017cywczych.<\/p>\n<h2>Pakowanie:<\/h2>\n<table id=\"_technic_table\">\n<thead>\n<tr>\n<th>Nazwa<\/th>\n<th>Pakowanie <small>szt.<\/small><\/th>\n<th>Wymiar kartonu <small>[mm]<\/small><\/th>\n<th>Masa kartonu<sup>*<\/sup>\u00a0<small>[kg]<\/small><\/th>\n<th>Ilo\u015b\u0107 karton\u00f3w na palecie <small>szt.<\/small><\/th>\n<th>Ilo\u015b\u0107 sztuk na palecie <small>szt.<\/small><\/th>\n<th>Pakowanie zgrzewka <small>szt.<\/small><\/th>\n<th>Ilo\u015b\u0107 na palecie <small>szt.<\/small><\/th>\n<\/tr>\n<\/thead>\n<tbody>\n<tr>\n<td>Sp\u00f3d<\/td>\n<td>250<\/td>\n<td>580x380x360<\/td>\n<td>5.2<\/td>\n<td>20<\/td>\n<td>5000<\/td>\n<td>0<\/td>\n<td>0<\/td>\n<\/tr>\n<tr>\n<td>Nakr\u0119tka<\/td>\n<td>1000<\/td>\n<td>580x380x360<\/td>\n<td>6.7<\/td>\n<td>20<\/td>\n<td>20000<\/td>\n<td>\u00a0<\/td>\n<td>\u00a0<\/td>\n<\/tr>\n<\/tbody>\n<\/table>\n<p><small>*Podane warto\u015bci maj\u0105 charakter orientacyjny i nie mog\u0105 by\u0107 podstaw\u0105 do roszcze\u0144<\/small><\/p>\n<h2>Mo\u017cliwo\u015bci zadruku:<\/h2>\n<div class=\"hidden-lg\">\n<div class=\"_flex_table pl\">\n<div>\n<table>\n<thead>\n<tr>\n<th rowspan=\"2\">Nazwa detalu<\/th>\n<th colspan=\"3\">Pole zadruku &#8211; SITODRUK<\/th>\n<\/tr>\n<tr>\n<th>dno <small>[mm]<\/small><\/th>\n<th>obw\u00f3d <small>[mm]<\/small><\/th>\n<th>g\u00f3ra <small>[mm]<\/small><\/th>\n<\/tr>\n<\/thead>\n<tbody>\n<tr>\n<td>Sp\u00f3d<\/td>\n<td>x<\/td>\n<td>40 x 162<\/td>\n<td>x<\/td>\n<\/tr>\n<\/tbody>\n<\/table>\n<\/div>\n<div>\n<table>\n<thead>\n<tr>\n<th class=\"hidden-lg\" rowspan=\"2\">Nazwa detalu<\/th>\n<th colspan=\"3\">Pole zadruku &#8211; TAMPODRUK<\/th>\n<\/tr>\n<tr>\n<th>dno <small>[mm]<\/small><\/th>\n<th>obw\u00f3d <small>[mm]<\/small><\/th>\n<th>g\u00f3ra <small>[mm]<\/small><\/th>\n<\/tr>\n<\/thead>\n<tbody>\n<tr>\n<td class=\"hidden-lg\">Sp\u00f3d<\/td>\n<td>30<\/td>\n<td>x<\/td>\n<td>x<\/td>\n<\/tr>\n<\/tbody>\n<\/table>\n<\/div>\n<div>\n<table>\n<thead>\n<tr>\n<th class=\"hidden-lg\" rowspan=\"2\">Nazwa detalu<\/th>\n<th colspan=\"2\">Mo\u017cliwo\u015b\u0107 zastosowania HS <small>(wtop)<\/small><\/th>\n<\/tr>\n<tr>\n<th>na obwodzie<\/th>\n<th>na g\u00f3rze<\/th>\n<\/tr>\n<\/thead>\n<tbody>\n<tr>\n<td class=\"hidden-lg\">Sp\u00f3d<\/td>\n<td>x<\/td>\n<td>x<\/td>\n<\/tr>\n<\/tbody>\n<\/table>\n<\/div>\n<div>\n<table>\n<thead>\n<tr>\n<th class=\"hidden-lg\" rowspan=\"2\">Nazwa detalu<\/th>\n<th colspan=\"3\">Pole zadruku &#8211; ETYKIETA<\/th>\n<\/tr>\n<tr>\n<th>dno <small>[mm]<\/small><\/th>\n<th>obw\u00f3d <small>[mm]<\/small><\/th>\n<th>g\u00f3ra <small>[mm]<\/small><\/th>\n<\/tr>\n<\/thead>\n<tbody>\n<tr>\n<td class=\"hidden-lg\">Sp\u00f3d<\/td>\n<td>***<\/td>\n<td>40 x 162<\/td>\n<td>x<\/td>\n<\/tr>\n<\/tbody>\n<\/table>\n<\/div>\n<\/div>\n<\/div>\n<p><small>**Do ustalenia po otrzymaniu projektu<\/small><\/p>\n<p><small>x Brak mo\u017cliwo\u015bci zadruku<\/small><\/p>\n<p><small>Podane wymiary zadruku (mm) (wysoko\u015b\u0107 x d\u0142ugo\u015b\u0107)<\/small><\/p>\n<p><small>***Mo\u017cliwo\u015bci etykietowania okre\u015blone przez odbiorc\u0119<\/small><\/p><\/div>\n\t\t\t\t<\/div>\n\t\t\t\t<\/div>\n\t\t\t\t\t\t<\/div>\n\t\t\t<\/div>\n\t\t<\/div>\n\t\t\t\t\t\t<\/div>\n\t\t\t<\/div>\n\t\t<\/section>\n\t\t\t\t\t\t<\/div>\n\t\t\t<\/div>\n\t\t<\/div>\n\t\t","protected":false},"excerpt":{"rendered":"<p>Pude\u0142ko apteczne Typ 10 125ml \u00a0 \u00a0 Sp\u00f3d Materia\u0142: PP \u015arednica: 54.20 mm Wysoko\u015b\u0107: 68.40 mm Waga: 17.30 g Nakr\u0119tka Materia\u0142: PE \u015arednica: 57.00 mm Wysoko\u015b\u0107: 16.00 mm Waga: 5.80 g Komplet Pojemno\u015b\u0107: 125 ml Pojemno\u015b\u0107 ca\u0142kowita 140 ml Materia\u0142: PP\/PE Wysoko\u015b\u0107: 69.90 mm \u015arednica: 57.00 mm Waga: 23.10 g Opakowanie jest przeznaczone m.in. do [&hellip;]<\/p>\n","protected":false},"author":1,"featured_media":0,"parent":446,"menu_order":19,"comment_status":"closed","ping_status":"closed","template":"","meta":[],"_links":{"self":[{"href":"https:\/\/pepsyna.com\/index.php\/wp-json\/wp\/v2\/pages\/1113"}],"collection":[{"href":"https:\/\/pepsyna.com\/index.php\/wp-json\/wp\/v2\/pages"}],"about":[{"href":"https:\/\/pepsyna.com\/index.php\/wp-json\/wp\/v2\/types\/page"}],"author":[{"embeddable":true,"href":"https:\/\/pepsyna.com\/index.php\/wp-json\/wp\/v2\/users\/1"}],"replies":[{"embeddable":true,"href":"https:\/\/pepsyna.com\/index.php\/wp-json\/wp\/v2\/comments?post=1113"}],"version-history":[{"count":2,"href":"https:\/\/pepsyna.com\/index.php\/wp-json\/wp\/v2\/pages\/1113\/revisions"}],"predecessor-version":[{"id":1254,"href":"https:\/\/pepsyna.com\/index.php\/wp-json\/wp\/v2\/pages\/1113\/revisions\/1254"}],"up":[{"embeddable":true,"href":"https:\/\/pepsyna.com\/index.php\/wp-json\/wp\/v2\/pages\/446"}],"wp:attachment":[{"href":"https:\/\/pepsyna.com\/index.php\/wp-json\/wp\/v2\/media?parent=1113"}],"curies":[{"name":"wp","href":"https:\/\/api.w.org\/{rel}","templated":true}]}}