{"id":1083,"date":"2019-12-18T15:47:59","date_gmt":"2019-12-18T15:47:59","guid":{"rendered":"http:\/\/pepsyna.com\/?page_id=1083"},"modified":"2020-01-02T10:16:09","modified_gmt":"2020-01-02T10:16:09","slug":"pudelko-apteczne-typ-7-45ml","status":"publish","type":"page","link":"https:\/\/pepsyna.com\/index.php\/pojemniki-plastikowe\/pudelka-apteczne\/pudelko-apteczne-typ-7-45ml\/","title":{"rendered":"Pude\u0142ko apteczne Typ 7 45ml"},"content":{"rendered":"\t\t<div data-elementor-type=\"wp-page\" data-elementor-id=\"1083\" class=\"elementor elementor-1083\" data-elementor-settings=\"[]\">\n\t\t\t<div class=\"elementor-inner\">\n\t\t\t\t<div class=\"elementor-section-wrap\">\n\t\t\t\t\t\t\t<section class=\"elementor-element elementor-element-73a43c7a elementor-section-boxed elementor-section-height-default elementor-section-height-default elementor-section elementor-top-section\" data-id=\"73a43c7a\" data-element_type=\"section\">\n\t\t\t\t\t\t<div class=\"elementor-container elementor-column-gap-default\">\n\t\t\t\t<div class=\"elementor-row\">\n\t\t\t\t<div class=\"elementor-element elementor-element-1c3a481c elementor-column elementor-col-100 elementor-top-column\" data-id=\"1c3a481c\" data-element_type=\"column\">\n\t\t\t<div class=\"elementor-column-wrap  elementor-element-populated\">\n\t\t\t\t\t<div class=\"elementor-widget-wrap\">\n\t\t\t\t<div class=\"elementor-element elementor-element-7a5c0938 elementor-widget elementor-widget-text-editor\" data-id=\"7a5c0938\" data-element_type=\"widget\" data-widget_type=\"text-editor.default\">\n\t\t\t\t<div class=\"elementor-widget-container\">\n\t\t\t\t\t<div class=\"elementor-text-editor elementor-clearfix\"><p><!-- wp:paragraph --><\/p>\n<p><a href=\"blob:http:\/\/pepsyna.com\/48804596-1ca0-4b79-a4cb-e39944f40eb6\"><img loading=\"lazy\" class=\"aligncenter\" title=\"Pude\u0142ko apteczne Typ 7 45ml\" src=\"data:image\/png;base64,iVBORw0KGgoAAAANSUhEUgAAAUoAAAC+CAYAAABTXUa+AAAgAElEQVR4nO2dZ3vbuPK3\/f2\/zPlf5yS7G6c6xS22ZUuyLat3yY7lFqedPbvzvMgz2NEEIECCJEhpXvyuzVoSC8rNaQA3dnZ2IGvt7u6KRCJRabUhoBSJRKJobeRxkr29PZFIJCqtBJQikUhk0UYeJ9nf3xeJRKLSSkApEolEFgkoRSKRyKKNjx8\/QtayXUQe15Dl9fveX9bHD91\/WQ\/ioo+Pol9f1tcfev6kcf0CyhJ0dOj2C31\/oe+\/7OM7dPuGnj9pXH8uoBSJRKIya+Pg4ABEIpFIZJaAUiQSiSzaODw8BJFIJBKZlQsoj46OIhW6EXyv3\/f+sj5+6P7zvb\/Q91\/28R26fUPPnzSuX0BZgo4O3X6h7y\/0\/Zd9fIdu39DzJ43r38h6EIvsqlQqUKlU4Pj4WOnk5ETp+PhYfadSqfzS+fQznWwDwfZ7m\/Jqn6TnT3Ivpomo66esr18UVpVKRUBZRLlOYtdAtC8Iyy5beyP0TL85ODjQgjMtUIcebyJ7\/22EHsQi+6SxfSf0NYdokzj3Ty1AF\/HzRrl5odtGlI824g4iUfqiLrbOunH9vUm2QZDW9WelrK+fC4\/LYRh6nIjCSUBZAtmgYANJtVqN1NnZmZfOz88z1enpaaTq9XqkbO3D48EubS5aL21kbQ2I7IqyXOjkpX+jsoHi4uIiUp1Op9BqtVqRajabkbKBHtupVqsp0QeJDqTHx8da0IpWUxs2a0OUvRB+1WoVarUa1Ot1OD09jbTeGo2GUrvdjpQNRN1ut9Cy3Z+vaFtSSxbbXGe9mqCqk20Shh5\/Inv\/CSgLIArGRqMBFxcX0Gq1liCH0Oj1etDr9aDf7yvZQONrsfladL6yWcS+v2+328b7wb6gf8ffIVxdJpqAsrxaG1Dq3FbTd9FKoK4rtSbQgsDjUBeMW4Z4HLRMdBB0AZlNNovJF4SiaNlATC1UOo6oNUrByd17mxVLx6ruc924j2MRi6rrAUqT4rpOut\/WarUltxhhSC0d+v8ckgLK8iuOVYzuPXfpeVKKji9b\/NQGStv4DT0Py6AN2mCrKtMAtA0U7h5RC5FCEeHHAYhusi5eGCcG5wtKUbaygZR\/j4OTWp+6eKlp\/OI4tX1uAmTUnBAta8OWMV0F6UpIbFClT3oTGBF4dDKYYBhlOdomom8MUlQc6eCqgy61Rm0JJluyyWQ0iNy1FqB0EQUid5P5gOYgNFkQFHQ+VqCAstiK0z+6\/o2CqMnNN8VAoyDqUnMq0mvDVsy7CkIQUguRF0rrrEWd66x7+mc9EfE6TApdviNK9iBzBaUNuFFuOwWoqdQp9PwsgzZ8V2WUSRSI1GLkA5ZbCr4WBVdc0PmC0vZ7kZ+ysjgRlD3Wx\/z7cS1ODszQ87IMWgtQ6ixGCpB+v6\/+jQORDkAddLCGcTAYWCcAnVT0dyjfiSqgDKs0PQIdMF2gGhXnpBYmzgkBZTyVApS2tcC6OCPNJoaeSDbR4nHRrwrdPzaFct1dZYuBc3edzz+BaUlAqYu96D7X1Su22+3gE8mm0CAqukL3j01lB6WuPMkU49QZMaH5kAsos975JQ2ZOhFvQpeNphAKPZFsCg2ioit0\/9hUdlCaiud5jHOdtUGttTJIt8ZXBx0aAww90W2i1yr6VaH7JzTI8wYtByhfkhmaASFUClBSy7LZbC4Ve1M4msATeiIJKAWURQal7lz0c1NGPTQXcgWlbUF\/UYRxRwQkAmY4HJYeRMPhUBSh0P0TGuRZg1Z3Hg5aamW67sq0StrIeousNMTLXCgkcSIJKFdXoftnXUBJz2WyTHWwDM2HPFQKUEZNnDKAUEApoCwzKLlLzmG5DtpwueGst6HiO6o0m01V1jMYDGA0GsFoNDJOntAT2Xei+x4f28ck39+HVuj+CQ3KrEHqClpTJj1rfhRBhQEl3VCi0+lAv9\/XTmLdAA8NQgGlgHIdQGmC5dqAsgiiSZrhcAjj8RjG4zFMJhP17zwnj4CyOArdP+sOShswk8z3OPt5FkEbcbb7ykoIysFgAOPxGKbTqdJkMlmCJQdmGVR2UIVW0R90oZU3jHmMM6qAPQqQ6D2G5o+LCgFKjEcOh0OYTqcwm81gNpstgZKqbNAUUAooyw5KF2iaCtZ1oKSr6EKzxwmUvsuj0hC625PJBGazGcznc5jP5wqWOguTA7PIsoEg9PFDgzA0KG3nzzp0UiaQR7n8prpLHSTTXKKZhzb4RWex1tR2\/MlkAtPpFObzOVxeXsLV1RVcXl7C5eWlAiaHZpmAKaAUUJYZlLrzmCzNOKBEwIaGYGlAeXV1BVdXV\/Dp06cl4d8RlCZYhgahgFJAuQ6gNMES\/00tSx0suTXZ6\/1cPBIagk6g9F1H6ir69MCY5HQ6hU+fPsHNzQ3c3NzAYrFQur6+VuLgpBbn5eWl1eK0xTZtINEdq0jyBVHRQR0aRL6gLfr9+V6\/zS3HOc+BiaDMK2vvo1xAyeMYnc7PDPdsNoPr62sFSg5MDkoOTJ17HgeYAkoBZRFAU\/TrcwWlCZZ8RY+AMgKUtEH6\/T6MRiO4vLyExWIBt7e3SlHA5NDUAZND0yW2GRp0vgodWsgatCI\/Zd3+CGQTMLkrXkpQ5nESHvQdDodLbvfd3d2SODSpS66zNE0uuQ2cCBqeWS+bQoN63UFfdGXd\/hSWHJiDwc93QnFYUlCWQbmDEiF5dXWlrMmHhwd4eHiA+\/t7uL+\/9wanCZ4uFmcZFRp0AspiKw9Q6ixMhCbPiKNKBco8TkJN8dFoBPP5HBaLBdzd3cH9\/T18\/vwZPn\/+rIBJoUnBaXPRbRanztrUgbNsCg3qdQf9ussETQ5LHSh7vV6udaBJlQsoh8OhAuZ4PIZPnz7B3d2dguLj4yM8Pj5qgamzNCkwbeC0AZNDU6fQICw6aH2Pb5uIoUGeNeizvj5fizMNYKILTksGBZQRoJxMJnB9fa0sSQpKCksKTJ11GQeYri65gFJAKaBMH5YUlGhV0kRvaAg6gTKPkyAkh8MhzGYzWCwWCpQUkibZgOnqmpuy57akkM111wE1DkiyBrXt+KFBE1pZgyxrkKYJNxtIdSC0HZ8Cs9\/vL7neoQFYSFDS+OTDw4OyHG2gtMUvoyxNGzBtpUc62SxRDksBZbEV2uLLGpRp\/D4KrALKlDUej2E+n8PNzU0sUJpccoSmq3selQDytTqjkkS+IPSdiFkfv+wKDcqslXZohFuUNmiuBCjzWLkwGPx0u8fjMVxeXqqSIF2MMikw47rnFJouCSHbksooi1MHVN0SzFCgXHeVDVR5hwaiMtq48ifKyrSBMvTKKhflCsrpdKoy3gi6+\/v7XEGpg2WU5ZnEdefg1FmmVOueTAqtVQdl3DpIW10khtNospZblysHyjyWUGFDTqfTXzLed3d3mbveNosy6jMXi9PmtpvAioqKh5pc\/DiygXjdFRqkaSZbolxfFxDaDB4TKHXWpSsoQy\/xdFGuoJzNZolA6ZvMsZUQ2eKYNpDaLE5TPFRXvmSLiyaRgLTYoAy9cifJfObgRMtQQOkJyvF4DLPZbCnj7QpK3\/Igm0Wo+x393OUcUbFNGyhtFqcNpL6gDQ2q0MoalL4Wny\/o0rRYdeel5X8UlisHyrSfODpQYnwSXWF0meOUB+kASeFpkm3duK5w3SVmyV13E0ht69KLrqwt1qxDCzYQhi7P8XWts46h2hI7LvygVmev11MbYwgoMwIlBZ8LJPE8pk03bJB0BWWU+26zOEODUEBZ\/DrGLJUElKbyIAFlYFDqrEpXUNJEkC5bbsqOx4FplHtv+k5RXG9fEMapLQ3hOtt+7wuS0CDzvb64DxLOhrUAZR7BYl9Q6qxKbi1GiYOSyxW4NtfeZIEmLX53TfaEBqXuHHlm5W0T3beONesYpy8Ifa\/P9frjxDXjgDIPBvmqdKCksHSBpAsofeVTw6nLynPZLM7QFqnLDk1ZquiufdbKC5RJYbkSoEyjTsumNECpKxNKCkJ+3C9fvkTq69evkaLfjar7tEHUJFuM1CabxeqbledQ5rC0gTa0xVz2GGweoI+KqfqC0pcveagUoEQA6UAZB4w68H379g2+f\/8eqR8\/fkSKf\/\/bt2\/w7du3X0BqKqCPk7VPorxAmxSUoS3mrJNZtuP73p9v+VfWlqWAsiSg5GCkcLRB8MePH\/Df\/\/43Un\/++efS\/3OI4jlNAPWNkdoUJxmVJOuPMOVWpSsos7Z4Q4PSdn2+D6q8QJk0XrkyoMxDs9lMTQoKSg47nTscZ3mjzaL8+vWrAqQNgGnozz\/\/XLI6EZT0vmwxVhvIfC3OOFl\/3eTVAYWCwtWipMdMGjpIsoTUF6S6VVgm6On6zdb\/uioP7Jebmxun\/QZ4v8TJ+tvmtu67HJS4kqff\/+f9ObjDeWgIutxfYUFJYZk2KL99+5YqKG0WKLUk6T25ut5FAWVUPajJAovreutgmdS6LBIoo\/rLBkpTOEaX7BNQrgkodbD0BSUek4IyjlX5559\/asVBaYpx6pI8cZI7vq5zGrJZeCbwuCRLooDj4lrb6lKzjmHaQKmDZFSdr658TQdPHBsCyhxAmXWxLDZeFChtlmVaoHx8fPwFlK4xSB0gUVFxyK9fv1pXBvkmW\/KUDmA2YMaBpc4CtIHKdF0on4w3vzYfUOog6QJKk5WZFih960B9QZkHg3xVKFAmhWWcsiAap3S1Kk0WJE3WRGW4TZahq2sZGo5RkEwLlFHQtIEqDas2D1CaYOnqegsoA4Iyj4JYGyj5ILDVPcYFJc2uJ3W\/uYsdVQLELQHfrGbRxCemL6RMiR\/XY0TFR9NQ1skcV+lWgqWRzElz5VESUOZZnJ+04L4woIyCZRqgxGNyUH7\/\/j02IDkYeQySu9lpWnI2cGUhl2SJTzJHVzgdB3i678UBQdagNHkIcePEHJBJrHgB5QqA0iUT7gtKHqd0AWVUaQ+9PgrJNGOQRQSlDhguVmIUKE2wTLKChY6\/0KA0tWXccaAL2ZjiuQLKEoJyOp3CfD5Xgfe4MRqbXEFKXW\/XVTnfv393Xq7ILcmo7HFWrrBOWWd9fSeir+KMRVc4xpEuDGCCYx6hEJ8QhO1BEwVHCki+exgFZbfbhU6nA+12G9rtdnAQumgtQEktVB6ndIFlFCQFlPqNMIoOyjRhGZWIyhOUacRqBZQCyiVQcssySjZArjoo4yZk8oRkXFBmAUtb1j4PUEb1l4BSQKnNkkfFKPlKHZfdgaJioqZSjjhLAH1jiGmAzhWCSeOEWY8vF5kmv01pWZZZKQ1LUkApoLR+P26tpq3ezbSh76qDMgQk44AyKSx93fC8QJlGaZSAcoVBmTVodYBMunuPDpRZu8a+rqWPK5xHMbDrMjQdLF3k0j6urnjWyTRdGERAKaB0kg1kSY9lWpK2aqC09W9ISLqC0geWrnBxccOzBqXtugSUAsrMQamDpIDSPpGKAkoKyyxASaEUGpRJQwcCSgMo0xioNles6KCMI98dfXSg1BWXx4lB+sar0s4q6x6UIUEZB\/RJ5Psg8o0h+z4ok4RV4oByMpnAaDRSkES1221oNpvqAabrizQg59u\/8\/lcQJkEkklBaVptY0vwuILSxR1bRVDaJKAMD8rhcKhW5aA6nQ60Wi0B5SqBMitIIiijsuAuoHQN7gsoBZR5g3I8HitQUqFVWQpQ5nEhZQelrSbSd6uypJZknMD+KoMy9EQSUEaDEuOU\/X5fvTtnMBgIKFcVlFlAkoIyBCQFlALKvEBJIdnv98vleqdxkFUHZdzXIsRZcsiTMTo3Om7Wm0+CVQeluN7lA2Wv14NWqwWNRkNAuYqgTBuSpqw1BWBSS9J1IgsoBZR5gRITOp1OBxqNBtTrdQHlKoMyzZ1ebOU9WdfRlR2UUh5UDlBiEgetybOzM6hWqwJKFHYWwhJf0Xl\/f6\/AyYu3iwRKW7zSF6RxXeu0J0LRQZi1RRkapEUHpWv7UmhSWA6HQ\/XfXq8HzWYTzs\/P4fT0FE5PTzPnT2lASQfE9fU13N7eKujgv7O0MAWUAkoBZbqg1PW\/zrIcj8fauOTZ2Rk0Gg1oNpvBIVgYUM5mP5eBYYYXYRL1NkYBpYBSQFkMUNrah4c6KCTH4\/FScTlakufn59BqtaDX6wWHYGFAOZlM4PLyUkES43G3t7fw8PDr7j0CSgGlgLI4oLSNFWpRosuNiZt+vw8XFxdK5+fnyprsdDrQ7\/eDQ7AwoByPxzCfz5VFiaC8ubkRi1JAKaAsISh5+yIoMWmDxeStVktZkBcXF9BsNqHZbEKr1YJOpyMWJdVkMoH5fL6U4UXr0vTuYgGlgFJAWRxQmqzH8Xis\/o2QRDf74uICGo2GAiUCstVqQbvdFlCaGnk+\/5kBXywWS2Cha55vb2+XYpdpuOICSgGlgNJ\/fHD3mpf94PZprVYLms2mAiVakghJ\/He32xXXW9fY0+kULi8vlSV5e3u7VDtIrUwBpYBSQFkMUHIrku8xiftKUhBSUYAiPPHvw+EwOAQLBUqMX4zHYwVLhAvCEjsWXXRTZpy\/7ybuO3PiglS3KUbSNd4CytUDpa39swalrc9NK75cxwz2MXWvaQwSEzU0\/ojwRPca\/7\/dbitYdrvdVB5EawFKChTTipUot9wERQo6GzQFlALKMoMy6bjg57+8vPzFxUY40uWHFJIUighGFN+kV0CZAJS0nhJhRGHJO5xbmhSa1Ko0gVIHRtdXOQgoBZRFBqXteC7XOp\/PtVYjhxwVgpLuMUk35uWgRKgiKHu9noCSdw6CcjQawXw+V6BcLBYKQvj\/HJb0ONw9v76+jnSrEZJRcUYBpYBylUAZZTHS8YD3xzetoGDTZarRWkQg8nfiUEji9\/EY1FUvS8Y7KChpTSWFhg4uutgK7ewoF92l1EhAKaAsMyijNkfB\/qcuNQcjdZd1FiOFIm6+i3NZtzMQf3kYByVmxMuS8Q4GytlspixC7GCa9Y7KJOP36QSnEwLPRwcQByYmgR4fH+HLly8CSgFlqUHJvTAKx9lspt3iLMpiRGuQW4z89Q4o6nZzSOJxaaKHgtJlfBZBQUHJM91YX8mhhP82uea2gY7fQ6sTjykWpYByFUBJwYgWI25CQd1fU4wRoYjAo2CkQOSvn0VxUNJz4nkFlDFBORwOFbyoNcmTNBRGtlpFupejztWgnT6d\/qzlxHMuFgsBpYCy1KCkhd\/dblfFAXFdNS\/X4WDkViJ\/BzoFpc7NdknkcFA2m00BpW4izuc\/s2o8TkmTMjReSUFje8MhBZjO4kRg8oJZ3P4JB8V8vrxyCN11vsySn98GQt290Wu3gZJPKF46ZaqPw\/a3TTTf\/rWBSjf5KIhsG+9mDUKbdEkQev6o+Dn9fZx4IxVfIkhhiCtf6OoXU9KFxhcpFOm96HYAotYjfecNF7coufXabDah0WhAo9GAdrutOFAGrQQoubVJ4XR9ff0LPKi1OZlMjIMJr5XGPHWrh1ytTw5OvH8TWHk9qU5R1ifec9YgsYHOFNsybcvF5buDuc2iM1mPru2ngzY9hmn3enp8HI\/UOtS5shQ6KA5F+rZDCrkoq5HOBwHlGoAyyi2mIKKDNsq1wM7HAYjXT7ev59YAz+S7yjSh6N91FqPJRXd1vX1dd5vFp7MK47juWbv+Oms3TlvZvkevU+fV0FgiBQq6znzFi648hz6IXC1xF0imAUpaFoSg7HQ6Asq0QRlH1KWlBeVRlh63RBEyOMApMPmTXbcbymAwWBq01MrglunNzY3VarS9Uyd0DDMp6FxBmxYITbK1g629OAT5w5aXxmAyg4JDt3kEgoZ6O7oHtcmaxWvn\/RjVNrbkTVJQ0k0yEJS4+CQ0BNcGlPT7FJI6d1gXY6R\/5647L7nAmBudDFHrXHm5Ba1BwwFJrRjq5ptccN5GUfHN6+vrzEHoGmO0fS+pbNdvu39daCYqps2hwOsD0RLEd8KcnZ3B2dkZnJ+fw\/n5+VJc8eLiQo0ZOkYQhrq4Lh0nuqqPqD7WxSGjIJkGKOnDAe8dQZlGjFxA6Zg15r\/RAdDVPXdx23XJIhpjiloXq7MmdJsI4OAzxZnoBMJ2NmVTbf3jm5V1sVij4Js1yHk5Cxef3LyfaF8hBF1AaIshUuvQ1fXXyWa96x5qFIjc1TZB0geU2Ia4gW+324XJZCKgDAFKH7c9KubJ3V9+Pp5x564737uPAhTXvkaJb1tFhXVwPCFlAq1OvskUV5kmIn+1qe5Vpy6gMwkBZhICzyQKQJ5l5iDENo9KnOgSPjq3nn\/PN0Zr6xcbJJOCkj5sOCg\/ffoUHIJrC8q4AE0TvDrQmpI1pmRS1CoHnbVTq9WgXq8rUSuHWj5JZQONTbbYHL12nWq1WqRsv7eJW4H4mgJaB0hBiA8XhJ+pDhFlmhNpyTVJZZJLUfnag9LFzPeNAdHv4hMMg+gmay1pMicJCF2z0UllO76tjjIqazocDrWrLajVyV0gGkPzhYyLbKCzyQZyCl2deHKEx455aIODLyuQ5aU0rP4oUNqSnQjKs7MzqNfrcHFxsZTxTvOhkYRPAsqCgNI1k22SLUaqixXS9retrLDJFhqwyQYyutxNJ9v1xQkd6GJ5cb4roBRQCigzAqXvEkXb703XG1WEHqd\/bSDyjXH6giDu+OWf8+Px7wkoBZQCyhRA6boEManitLtugvrWUfquRXYNLSSV6+Q3QVsHSdq+oUEnoBRQrgUobe3jCjIX0OlAabLckoAmC4sylMVKzx8FztCgE1AKKFcClFlvOuFq+dG2dpko+LkNRLbyHJts5T82pQ1S\/nnUOvQ0JKAUUAooHUCZ1LXmogOfTmrdhLB9nqZF5ytfULrWifKJj5NeQCmgFFCuACjpEkoEJh3YOpDyiWoCo0tBt69wciVVmq63DgimYyUBjYByhUGZ14VyUM7n89Q3xQgdo9TBMc6OPhx6aUwEX4sua5Bm7dqn7boXDYRpjo8kBed0ZZhuKWir1YLz83Oo1Wpwdnam3pVzeflzQ+88GOSr3EE5nU6XQEm3ERNQCigFlKsHymazCefn52oV1GAwUONdQKkB5Xz+z+472EACSgGlgHL1QYkrwZrNJgyHwyUehIZgYUBJYTmb\/VOOMpvNfolTCigFlALK1QTl2dkZdDqd0liRuYMSnxo8GSGgFFAKKFcflBcXF2pzlcFgsDTG80jmlBKUaG7TvwkoBZQCytUH5cXFBYzHP3c1x2vTbTxcROUCSmo9UqtSQCmgFFCuDyibzSZMpz\/fWonXJaA0gBLrBqlVKaAUUAoo1wOUaBjhdaWx1j8XUIbuRHzC6N5eiCAqEyhtuwPpQKlbt007SUAqoPTpX11fm9pH16e0+J8XmdNic\/raE7ofar1eh3a7DZPJZCmhO526xShDt+90Oi0GKOnLtASUAkoBZRhQmvo0ajUO39WcvnKX7mre7XZhOp0qjxLbzcWaC92+hQKlDpYCSgGlgDIfUEb1ZxQke73e0ibL1KJESLbbbZXtFlB6CCFBlzNSQNlAJqAUUAook4PS15KkryLhoGw0Gmq9Po71osCvdKBECFCrUpfgEVAKKAWU2YFSB0lTXJK+isP0vib8fxqPpFUvZVIhQIkwiLIqoySgFFAKKJODUudqU0iaEjd8tyCMS+IL7Xq9HgwGA+\/rD92+hQElwhJLabglKaAUUAoo8wFlHEuSvvwNX0tLX0c7Go2WSgRpewooPUDJ3W8BpYBSQBkGlK4Z7k6nA71eD9rt9tJ7u3u9HkynU1UnOZlMlvpDQJlA\/Ekzn8\/V2wURdKai9NvbW28Q2hQHhK6b+JoKzqOK0JNmBQWUqw1K01jQ9a+t33QW5WAwUNltGovEd6SjNXlxcQGdTgfG47FaqjwajYK3z0qDEl1wk2VHYSmgFFAKKM3vSYoLSWpNUosSoUhhSXcwb7Va0O\/3YTweq+vh1mNZVUhQYrzS1QUXUAoo1xmUSQHJX7lhcrepmx214UWv14PRaFTIdvEGZZz4Rl6aTqcqdsc39uVxQdPnaUpAKaAMCcq484f3nYt7zd99oyv\/4RnuRqMBZ2dnUKvVoNlsKjcbr2Ey+blkMTRP0lChQKmzLNEN5zWWCCjdC8oElALKdQNlVH9FwZFuaqEr+UHrkRaUU0jW6\/Vf1nJPJhNlWa4MKH0HURrSdTYdgLqMOAWlDWRZS0ApoMxSrteZNJPN3WpdHJIWkyMkT09P1VsVMcutA2VovqShQoKSDm78+3Q6\/aUgHSEloBRQrjMokwIyagkiXWHDlyVSSNbrdeh2uzAcDpfGG7Z7HNAXWYUAJY1r6Ab4cPjzJfZYNuTqEgsoBZTrBEodJJMsQeTbpOGOQPTd3FTYBybPMDRfVgaUNiEo0arkVqRuk9w4IMsalKFBqIOiDS5xFBqEoUFp+72pr5Jci67dbckZnWtNoRhlTdLt0tCSPDs7U4XlrVYrOB\/yUClAiYOVLnOkgBJQxoMkn3ACSvvYSwOUaUGSt49tU13X+CMFJNZGohCUqIuLC2i329DtdoOzIQ+VApTo3tCSIQop3SsX+HeyFAW1TkUApW7CCSjdx19a8umHpK61DZLcekQwougGvGdnZ9BoNKDVakGv11Pe3qprI+1Jk4U4LGn2e7FYeIPMV6FBGKfDswAcL1xOW0UHbdz+SdoHtpUzunXYUZCkgHQF5fn5OTSbTZXAwcTNqqsUoMTJMh7\/E6fEzTBub28FlAEhKaD0b3sOPptcwchjkDZIcpcbQYmARGi22221VHE6nQbnQy6gzNptSkO4MB9hOZvN4OrqSq31NrnYSTLMSRQahHE7PW3IxZ3ocVV00Lr+3tTuPKYYpajCcBMMXVxtbkUiHM\/Pz1UCB5M33W4XBoOBeoiE5kMeKgUo+aCjlqUpcZOmxecLwiKB0jRZBZTJQRnn\/Lp24ytjbIrKYOsSMjZI0iTN6empEpb\/1Go1tZ670+n80iehmSCg\/P9CWHDwPBAAAAzTSURBVNCJTuOWAsr4oEzTNV53UNquPwqScUBpizuaLEVbVpsCEVWtVpVOTk7Ue7lx13K8B4xVrrpKAUraMdQFwUGDZUN0E9\/r62sFSdyKDWsuKSTjgjRJ7WKamVKdfNvXF2Q2d7HoIM36QWEDIF8Zk1S62shOp6Pcb\/x\/LB4\/PT2FWq22ZE3W63WoVqtQqVTg4OAAPn78qOKTuEqn2+0u9Wvo9s9DKwHK4XA5dsk3tdDBkJYUUcuTQjEKlGnC0tdidG2\/rCzCdQel7f55siUqK20DYJR4Ysa2RhvVbDbh9PQUjo6OYHd3F7a3t2F3dxcODw\/h+Pj4F1Diruao0O0voHQEJXZev9+H0Wi0lBlfLBYwnU6XwMddcnTZEYr4ffxNlKudBggFlGFB6Xv+OC5zFqDk9ZIcnBhzxBU1NIvdaDSgWq3C4eEh7OzswNu3b+Hdu3ewu7sLx8fHcHp6upTxbrVa6j05qNAQywWUoS8g7kDWZf\/oExTf\/jYcDlUME8FHi9IvL\/95v\/D19bUCJYUghWuUZZnWWt2kIMzatS46KLO+\/qwtRtvv4x6fbqpL32NDXe+zszM4Pj6Gw8NDePPmDbx9+xY+fPgAe3t7cHh4CCcnJ1Cv15dASS1KOv9C918eKhUo+QDlT1L60nX62szhcKgsTSxYpy63zaL0haWAMvxAX2VQ0rXX1GBAy3Iw+BkeaLVaysXe3t6GN2\/ewIsXL+DVq1fw9u1b2NvbW7IicSUOPS6H5NqAMvQFpDWQu90utFqtpTgMitd\/YTwTLUxbMofHOONmxSVGGX582MaOj3xBZzu+zfVGkGHskLfL6ekpHB8fw+7uLmxtbcGrV68UHN+\/fw+Hh4dwdHQEx8fHUK1Wte42haRve5dRKwVK+hJ2GotBFwLXqdJBheDk1iZanLqYZlxYhrY4BZTRyhp0vr+3CfsQ7wVLftC1fv36Nbx69QpevHgBL1++hK2tLdjZ2YGjo6OlrDeKW6d4nbQv6djJG1ohtBKg1Lk59IlLyx5OTk7g5OQEqtUq1Go1tZ\/eeLy83yUtJbK9d9tXUh602qD0lUsf9no9aDabUK1WYXd3F169egVPnz6Ff\/3rX7C5uQmvXr2C9+\/fw\/7+PlQqFTUPjo+PFSzpjkAYy7y4uFhysRGQ9AEcEmB5aSOPk2Q9kPiTjcYt6TuHeXkEFtYeHh7C4eEhVCoVqNfr0Gq1YDKZwGKxgIeHBwXLT59+vmv89vYW7u7u4P7+Hu7v7+Hx8REeHh7UckoK0vl8rlYTcZmgiP\/GWClNLulip75ZdV+LNIl056B9SC2XrEFqioVTQPC\/0fGFn1PrEV3Ufr+vvod\/w\/vHcdHv99XDGvudPiDpWJjNZjAej6Hb7apVNa9fv4aXL1\/Cs2fP4LfffoPffvsN\/vjjD3j+\/Dm8fPkSPnz4ALu7u3BwcKDASENT6GLzGGdeD4IyaCVASQc4Haz0ZUi6DUjpioSTkxOoVCpweHgIBwcHKmZzcnICk8k\/e2EuFgsFx2\/fvsGPHz\/g8+fP8PnzZ3h4eIC7uzu4vb1VBe5XV1fW1Tg8Cx8XdFlbpFlULVD5nsMXpDrrkAKb1iTSrC9+x2Rh4u959QXdLlC3TaCupnc0GkGr1YKTkxPY3t6GFy9ewJMnT+D\/\/u\/\/YHNzEzY3N+HZs2ewubkJL168gDdv3sCHDx9gZ2cH9vb24ODgACqVioIk31uSV44IJFcQlPxcumyjrmSCrkhAWB4dHakVCfv7+7C\/vw\/v37+H3d1dqFQq0Gg0YDwew+3tLfz48QP+\/vtv+Ouvv+Cvv\/6Cv\/\/+G\/7++2\/43\/\/+Bz9+\/ICvX7\/C4+Ojeic5Jo4mk4laI4zWBIUFtTY49HTWZehkkU30HDr4ouVosjJ9QWkbnzz7zMeU7jh0\/FGrj79iebFYLHkBfH8CXE326dMnmE6nCsynp6fq4f3ixQvY3NyEP\/74Y8liRCg+f\/5cZa+3trZge3sb9vf31cMeH\/j1el3F6an4ih4BpAaUeZzENwZkEx24OkjSv1FgmnZM4e45QnNvbw\/29vbg48ePcHR0BCcnJ1Cr1dSEQEvz69ev8P37d\/jx44fSt2\/f4MuXL3B\/fw83NzdLdZs6148Cgk56ClLX3VuyLnj3XWtOgURdcOxP3wexa3mO6XNTyADvidbp4ljAZbOLxQK+fPmiDc\/gQ+z8\/BxqtRocHh7C9vY2vH79GjY3N+H333+Hp0+fwtOnT+HJkyfw5MkTePr0Kfz+++\/Kanz37h28f\/9erabBsYkZ7Gq1qhI0mMjUvTxM97DIa\/6WQSsBSt05aOdzgPKBwj9rNBpwenoK1WpVLeHCEouPHz\/Czs4OfPjwQWl7ext2dnbg48eP6vvdblcliDCW+fDwAA8PD\/D582d4fHxUwkl1dXWlYlAUJrQdKewR+DaQhE6W6OoF6fjQxQbpvWZdh2hrL\/zbcPhzEQNWRyAU7+7ulDDswhcwjEYj6HR+1jxWKhXY3d2Fd+\/ewZs3b+DZs2dL1uJvv\/0Gv\/\/+O\/zxxx\/w7Nkz2Nragq2tLbVq5v3790vjDuPr+OCm8UfczEL3fpyoNhRQMlDmcZKki\/xdZTsX72yeGecuOo9l6nZUQTfm\/Pwctre34cOHD\/D+\/Xs1iPHpThNFtVoNGo0GdLtdGI1GS7WcfDNguos7jVvhpItTmuHbP65rjU2i7pwucYFxWczAU1C6gND2oLa57nyBAXeN6Rs\/dTFEtAwHgwF0Oh1oNBpL5TkvX75ULjImXJ48eQL\/+c9\/4N\/\/\/jc8f\/58yX1GSxFhiKtmaEIGxyGOSwQkL+3RwdHW\/3nP3zJoJUCZFKSmDU7pxMbJjS4cZhprtRocHx9DpVJRdZs4OQ4ODmBvbw92dnaUK0WXiVEXCTPtdHPUdvufZZhY48mXVvJAf5R8XVff\/qdwxBKs29tbuL+\/h8+fP8Pd3R0sFgu4vLxUwImT9fYNPdB6V7qlH4YKEOK9Xk8t\/8Mddg4PD2Fra0tlnmksEd3mzc1NeP78+RIE0VXmIZ2DgwP1cEXxPSJpPP3w8HBp3TYWiNNxrzMK6Pi2PRhDz98iaK1AaRoQCAv8G9+FhcZ4aIYQRUGHMc56va7q1HBwo4Wxv7+v3HfcgGB3d1eBlbv1aJnisRqNBrTbbQUS34L2rLPevd7PkpjJZAKXl5dwc3MDDw8PKpb7\/ft3FYKgsTu0OLOOsdKHICZRsJ92d3fh9evXqmibWoeYbX7x4oXSy5cv4fXr1+qhiH1qE1qLlUplqcaX7hNJkzEciPzBTyEXZeEj\/KN2JAo9f4ugjdAXoOvIosn0fhEUzyJy0QGPRe9ojaKOjo6UhcCz7tTq0AEVY1VYCrK\/v79knehWJtHJQqHB6zhddkiygcgX5PR7POzQ7f6zxA8te3xQoXuKbUcfTm\/fvoU3b97Amzdv4OXLl0q4vO\/Vq1cKkLoYIY0T8n7Y3d1V59zf34eDgwPVF+hF0Gw0hSLtK5Rt\/Imyl4AyBVDydyCbRMuSqCvFazopTI+Pj5cgqgMpTkqT6ESmUEVLllo2+BkVnt8kujO2TngfJnFXkwuvDePACDoEGIUbAo9aeQg2+lvU1tYWvHv3Tol+V9duCEFse9oP3HXG9qHxRA5CWqZGt0GjD9rQkBA1YSM0hMogX1DSBwL\/DV0VQcuUdO8xoW4YXY6JwEHLlMJUB1RqlaJrzy1Y+hsaCtBJB1cqm9tJ4aQTXi8\/Hp5fBzb6IOAWIP8c7x9Bx+OECDy0\/tESxKWwfFksBSLdiUe3AqbVai3FF+nnouJoI\/QFlEE2ENp+z4HLwRj1ilDMYpo+pwXEuhrQarWqrQ+ln1PrjocBXKQDLBUFkU4Ip6TigOPuLbfydLCjVh+FHXeJuTWI7cotQV2f8fFCQwZRY8nVYxFlJwFlDqDUHYO\/YN70GXe9kpyf7w7D6+x4+RO1UjGBFCWb601BpJPt99SSo7E9blHTv1EA8pgfB50JgDrpYtC2Pknyue34opxBGfoCyiBbssb2+ywhza+Png8tFh0o6OS3hRqiwMHDBFFASvp7XbvYQiO2\/nMBYV79rzuPDc6ifLUR+gIajeI\/MX2v3xeGtvPbJrrt3K7AMMkGQtv9x7k\/G1STgNp2v3mOb1ufisJIQJkCKG2yDXrXSZ3WdXD3m\/cFt9p8+88FVFHifaCDpilhwkMPujii7l5cQG7rF1cr2mZdisJrI+7TNu6AWAclsXLSVNGvb9XvP\/T4yfr8oedXESSgTEHrDorQCn3\/ocdP1ucPPb+KICdQiqIVGhQikShbbYS+gFUQL7cRiUSrJQGlgFIkElm0EfoCVkG2gmyRSFRuOYHSdpDQoAqt0J1oW9kS+vpW\/f5t58\/6+rI+v+\/xV0H\/D\/M25yIlKReYAAAAAElFTkSuQmCC\" alt=\"Pude\u0142ko apteczne Typ 7 45ml\" width=\"330\" height=\"190\" \/><\/a><\/p>\n<h6>Pude\u0142ko apteczne Typ 7 45ml<\/h6>\n<h5>Dost\u0119pne przek\u0142adki dla tego produktu<\/h5>\n<h6>Przek\u0142adka uszczelniaj\u0105ca &#8220;EPE&#8221; <img loading=\"lazy\" class=\"\" src=\"https:\/\/www.polipack.com.pl\/images\/products\/789-263-separator.jpg\" alt=\"Przek\u0142adka uszczelniaj\u0105ca &quot;EPE&quot;\" width=\"93\" height=\"93\" \/><\/h6>\n<p>\u00a0<\/p>\n<p><!-- \/wp:paragraph --><\/p><\/div>\n\t\t\t\t<\/div>\n\t\t\t\t<\/div>\n\t\t\t\t\t\t<\/div>\n\t\t\t<\/div>\n\t\t<\/div>\n\t\t\t\t\t\t<\/div>\n\t\t\t<\/div>\n\t\t<\/section>\n\t\t\t\t<section class=\"elementor-element elementor-element-b73fc52 elementor-section-boxed elementor-section-height-default elementor-section-height-default elementor-section elementor-top-section\" data-id=\"b73fc52\" data-element_type=\"section\">\n\t\t\t\t\t\t<div class=\"elementor-container elementor-column-gap-default\">\n\t\t\t\t<div class=\"elementor-row\">\n\t\t\t\t<div class=\"elementor-element elementor-element-639cda3 elementor-column elementor-col-100 elementor-top-column\" data-id=\"639cda3\" data-element_type=\"column\">\n\t\t\t<div class=\"elementor-column-wrap  elementor-element-populated\">\n\t\t\t\t\t<div class=\"elementor-widget-wrap\">\n\t\t\t\t<div class=\"elementor-element elementor-element-1d88bf9 elementor-widget elementor-widget-text-editor\" data-id=\"1d88bf9\" data-element_type=\"widget\" data-widget_type=\"text-editor.default\">\n\t\t\t\t<div class=\"elementor-widget-container\">\n\t\t\t\t\t<div class=\"elementor-text-editor elementor-clearfix\"><table>\n<tbody>\n<tr>\n<th colspan=\"2\">Sp\u00f3d<\/th>\n<\/tr>\n<tr>\n<td>Materia\u0142:<\/td>\n<td>PP<\/td>\n<\/tr>\n<tr>\n<td>\u015arednica:<\/td>\n<td>60.00 mm<\/td>\n<\/tr>\n<tr>\n<td>Wysoko\u015b\u0107:<\/td>\n<td>20.50 mm<\/td>\n<\/tr>\n<tr>\n<td>Waga:<\/td>\n<td>6.90 g<\/td>\n<\/tr>\n<tr>\n<th colspan=\"2\">Nakr\u0119tka<\/th>\n<\/tr>\n<tr>\n<td>Materia\u0142:<\/td>\n<td>PP<\/td>\n<\/tr>\n<tr>\n<td>\u015arednica:<\/td>\n<td>60.40 mm<\/td>\n<\/tr>\n<tr>\n<td>Wysoko\u015b\u0107:<\/td>\n<td>13.00 mm<\/td>\n<\/tr>\n<tr>\n<td>Waga:<\/td>\n<td>4.40 g<\/td>\n<\/tr>\n<tr>\n<th colspan=\"2\">Komplet<\/th>\n<\/tr>\n<tr>\n<td>Pojemno\u015b\u0107:<\/td>\n<td>45 ml<\/td>\n<\/tr>\n<tr>\n<td>Pojemno\u015b\u0107 ca\u0142kowita<\/td>\n<td>47 ml<\/td>\n<\/tr>\n<tr>\n<td>Materia\u0142:<\/td>\n<td>PP\/PP<\/td>\n<\/tr>\n<tr>\n<td>Wysoko\u015b\u0107:<\/td>\n<td>26.00 mm<\/td>\n<\/tr>\n<tr>\n<td>\u015arednica:<\/td>\n<td>60.40 mm<\/td>\n<\/tr>\n<tr>\n<td>Waga:<\/td>\n<td>11.30 g<\/td>\n<\/tr>\n<\/tbody>\n<\/table>\n<p>Opakowanie jest przeznaczone m.in. do produkt\u00f3w kosmetycznych.<\/p>\n<h2>Pakowanie:<\/h2>\n<table id=\"_technic_table\">\n<thead>\n<tr>\n<th>Nazwa<\/th>\n<th>Pakowanie <small>szt.<\/small><\/th>\n<th>Wymiar kartonu <small>[mm]<\/small><\/th>\n<th>Masa kartonu<sup>*<\/sup>\u00a0<small>[kg]<\/small><\/th>\n<th>Ilo\u015b\u0107 karton\u00f3w na palecie <small>szt.<\/small><\/th>\n<th>Ilo\u015b\u0107 sztuk na palecie <small>szt.<\/small><\/th>\n<th>Pakowanie zgrzewka <small>szt.<\/small><\/th>\n<th>Ilo\u015b\u0107 na palecie <small>szt.<\/small><\/th>\n<\/tr>\n<\/thead>\n<tbody>\n<tr>\n<td>Sp\u00f3d<\/td>\n<td>900<\/td>\n<td>580x380x360<\/td>\n<td>7.1<\/td>\n<td>20<\/td>\n<td>18000<\/td>\n<td>0<\/td>\n<td>0<\/td>\n<\/tr>\n<tr>\n<td>Nakr\u0119tka<\/td>\n<td>2000<\/td>\n<td>580x380x360<\/td>\n<td>9.7<\/td>\n<td>20<\/td>\n<td>40000<\/td>\n<td>\u00a0<\/td>\n<td>\u00a0<\/td>\n<\/tr>\n<\/tbody>\n<\/table>\n<p><small>*Podane warto\u015bci maj\u0105 charakter orientacyjny i nie mog\u0105 by\u0107 podstaw\u0105 do roszcze\u0144<\/small><\/p>\n<h2>Mo\u017cliwo\u015bci zadruku:<\/h2>\n<div class=\"hidden-lg\">\n<div class=\"_flex_table pl\">\n<div>\n<table>\n<thead>\n<tr>\n<th rowspan=\"2\">Nazwa detalu<\/th>\n<th colspan=\"3\">Pole zadruku &#8211; SITODRUK<\/th>\n<\/tr>\n<tr>\n<th>dno <small>[mm]<\/small><\/th>\n<th>obw\u00f3d <small>[mm]<\/small><\/th>\n<th>g\u00f3ra <small>[mm]<\/small><\/th>\n<\/tr>\n<\/thead>\n<tbody>\n<tr>\n<td>Sp\u00f3d<\/td>\n<td>x<\/td>\n<td>**<\/td>\n<td>x<\/td>\n<\/tr>\n<\/tbody>\n<\/table>\n<\/div>\n<div>\n<table>\n<thead>\n<tr>\n<th class=\"hidden-lg\" rowspan=\"2\">Nazwa detalu<\/th>\n<th colspan=\"3\">Pole zadruku &#8211; TAMPODRUK<\/th>\n<\/tr>\n<tr>\n<th>dno <small>[mm]<\/small><\/th>\n<th>obw\u00f3d <small>[mm]<\/small><\/th>\n<th>g\u00f3ra <small>[mm]<\/small><\/th>\n<\/tr>\n<\/thead>\n<tbody>\n<tr>\n<td class=\"hidden-lg\">Sp\u00f3d<\/td>\n<td>30<\/td>\n<td>x<\/td>\n<td>x<\/td>\n<\/tr>\n<\/tbody>\n<\/table>\n<\/div>\n<div>\n<table>\n<thead>\n<tr>\n<th class=\"hidden-lg\" rowspan=\"2\">Nazwa detalu<\/th>\n<th colspan=\"2\">Mo\u017cliwo\u015b\u0107 zastosowania HS <small>(wtop)<\/small><\/th>\n<\/tr>\n<tr>\n<th>na obwodzie<\/th>\n<th>na g\u00f3rze<\/th>\n<\/tr>\n<\/thead>\n<tbody>\n<tr>\n<td class=\"hidden-lg\">Sp\u00f3d<\/td>\n<td>x<\/td>\n<td>x<\/td>\n<\/tr>\n<\/tbody>\n<\/table>\n<\/div>\n<div>\n<table>\n<thead>\n<tr>\n<th class=\"hidden-lg\" rowspan=\"2\">Nazwa detalu<\/th>\n<th colspan=\"3\">Pole zadruku &#8211; ETYKIETA<\/th>\n<\/tr>\n<tr>\n<th>dno <small>[mm]<\/small><\/th>\n<th>obw\u00f3d <small>[mm]<\/small><\/th>\n<th>g\u00f3ra <small>[mm]<\/small><\/th>\n<\/tr>\n<\/thead>\n<tbody>\n<tr>\n<td class=\"hidden-lg\">Sp\u00f3d<\/td>\n<td>***<\/td>\n<td>***<\/td>\n<td>x<\/td>\n<\/tr>\n<\/tbody>\n<\/table>\n<\/div>\n<\/div>\n<\/div>\n<p><small>**Do ustalenia po otrzymaniu projektu<\/small><\/p>\n<p><small>x Brak mo\u017cliwo\u015bci zadruku<\/small><\/p>\n<p><small>Podane wymiary zadruku (mm) (wysoko\u015b\u0107 x d\u0142ugo\u015b\u0107)<\/small><\/p>\n<p><small>***Mo\u017cliwo\u015bci etykietowania okre\u015blone przez odbiorc\u0119<\/small><\/p><\/div>\n\t\t\t\t<\/div>\n\t\t\t\t<\/div>\n\t\t\t\t\t\t<\/div>\n\t\t\t<\/div>\n\t\t<\/div>\n\t\t\t\t\t\t<\/div>\n\t\t\t<\/div>\n\t\t<\/section>\n\t\t\t\t\t\t<\/div>\n\t\t\t<\/div>\n\t\t<\/div>\n\t\t","protected":false},"excerpt":{"rendered":"<p>Pude\u0142ko apteczne Typ 7 45ml Dost\u0119pne przek\u0142adki dla tego produktu Przek\u0142adka uszczelniaj\u0105ca &#8220;EPE&#8221; \u00a0 Sp\u00f3d Materia\u0142: PP \u015arednica: 60.00 mm Wysoko\u015b\u0107: 20.50 mm Waga: 6.90 g Nakr\u0119tka Materia\u0142: PP \u015arednica: 60.40 mm Wysoko\u015b\u0107: 13.00 mm Waga: 4.40 g Komplet Pojemno\u015b\u0107: 45 ml Pojemno\u015b\u0107 ca\u0142kowita 47 ml Materia\u0142: PP\/PP Wysoko\u015b\u0107: 26.00 mm \u015arednica: 60.40 mm Waga: [&hellip;]<\/p>\n","protected":false},"author":1,"featured_media":0,"parent":446,"menu_order":5,"comment_status":"closed","ping_status":"closed","template":"","meta":[],"_links":{"self":[{"href":"https:\/\/pepsyna.com\/index.php\/wp-json\/wp\/v2\/pages\/1083"}],"collection":[{"href":"https:\/\/pepsyna.com\/index.php\/wp-json\/wp\/v2\/pages"}],"about":[{"href":"https:\/\/pepsyna.com\/index.php\/wp-json\/wp\/v2\/types\/page"}],"author":[{"embeddable":true,"href":"https:\/\/pepsyna.com\/index.php\/wp-json\/wp\/v2\/users\/1"}],"replies":[{"embeddable":true,"href":"https:\/\/pepsyna.com\/index.php\/wp-json\/wp\/v2\/comments?post=1083"}],"version-history":[{"count":2,"href":"https:\/\/pepsyna.com\/index.php\/wp-json\/wp\/v2\/pages\/1083\/revisions"}],"predecessor-version":[{"id":1204,"href":"https:\/\/pepsyna.com\/index.php\/wp-json\/wp\/v2\/pages\/1083\/revisions\/1204"}],"up":[{"embeddable":true,"href":"https:\/\/pepsyna.com\/index.php\/wp-json\/wp\/v2\/pages\/446"}],"wp:attachment":[{"href":"https:\/\/pepsyna.com\/index.php\/wp-json\/wp\/v2\/media?parent=1083"}],"curies":[{"name":"wp","href":"https:\/\/api.w.org\/{rel}","templated":true}]}}